{"id":5850,"date":"2026-04-28T12:16:50","date_gmt":"2026-04-28T10:16:50","guid":{"rendered":"https:\/\/ramse.es\/wordpress\/?post_type=mec-events&#038;p=5850"},"modified":"2026-04-28T12:22:38","modified_gmt":"2026-04-28T10:22:38","slug":"dia-de-la-academia-326-aniversario","status":"publish","type":"mec-events","link":"https:\/\/ramse.es\/wordpress\/eventos\/dia-de-la-academia-326-aniversario\/","title":{"rendered":"D\u00eda de la Academia 326 aniversario"},"content":{"rendered":"<p class=\"p1\">LA REAL ACADEMIA DE MEDICINA Y CIRUG\u00cdA DE SEVILLA<\/p>\n<p class=\"p1\">tiene el honor de invitarle a Vd. a la Sesi\u00f3n P\u00fablica y Extraordinaria del D\u00eda de la Academia, Conmemorativa del 326 aniversario de la Regia Sociedad, que se celebrar\u00e1 el jueves 21 de mayo de 2026, a las ocho de la tarde, en el Sal\u00f3n de Actos \u201cRam\u00f3n y Cajal\u201d de nuestra sede, Calle Abades, 10, con arreglo a la siguiente programaci\u00f3n<\/p>\n<p class=\"p1\">I. Apertura del acto<\/p>\n<p class=\"p1\">II. Conferencia \u201cLa S\u00e1bana Santa bajo la mirada de la Medicina: evidencias y preguntas abiertas en el siglo XXI\u201d, impartida por Sr. Dr. D. Fernando de la Portilla de Juan, Acad\u00e9mico Correspondiente de la RAMSE.<\/p>\n<p class=\"p1\">III. Entrega de estatuilla de Acad\u00e9mico de N\u00famero Em\u00e9rito de la RAMSE a los Ilmos. Sres. Dres. D. Enrique Murillo Capit\u00e1n y D. Jos\u00e9 M\u00aa Rubio Rubio.<\/p>\n<p class=\"p1\">IV. Clausura el acto el Excmo. Sr. presidente D. Carlos A. Infantes Alc\u00f3n.<\/p>\n<p class=\"p1\">Puede descargar la invitaci\u00f3n en <a href=\"https:\/\/ramse.es\/wordpress\/wp-content\/uploads\/2026\/04\/21-05-2026-Invitacion-Dia-de-la-Academia.pdf\" target=\"_blank\" rel=\"noopener\">este enlace<\/a>.<\/p>\n","protected":false},"excerpt":{"rendered":"<p>LA REAL ACADEMIA DE MEDICINA Y CIRUG\u00cdA DE SEVILLA tiene el honor de invitarle a Vd. a la Sesi\u00f3n P\u00fablica y Extraordinaria del D\u00eda de la Academia, Conmemorativa del 326 aniversario de la Regia Sociedad, que se celebrar\u00e1 el jueves 21 de mayo de 2026, a las ocho de la tarde, en el Sal\u00f3n de Actos \u201cRam\u00f3n y Cajal\u201d de nuestra sede, Calle Abades, 10, con arreglo a la siguiente programaci\u00f3n I. Apertura del acto II. Conferencia \u201cLa S\u00e1bana Santa bajo la mirada de la Medicina: evidencias y preguntas abiertas en el siglo XXI\u201d, impartida por Sr. Dr. D. Fernando de [&hellip;]<\/p>\n","protected":false},"author":4,"featured_media":5851,"comment_status":"open","ping_status":"closed","template":"","tags":[],"mec_category":[66],"class_list":["post-5850","mec-events","type-mec-events","status-publish","has-post-thumbnail","hentry","mec_category-acto-academico"],"_links":{"self":[{"href":"https:\/\/ramse.es\/wordpress\/wp-json\/wp\/v2\/mec-events\/5850","targetHints":{"allow":["GET"]}}],"collection":[{"href":"https:\/\/ramse.es\/wordpress\/wp-json\/wp\/v2\/mec-events"}],"about":[{"href":"https:\/\/ramse.es\/wordpress\/wp-json\/wp\/v2\/types\/mec-events"}],"author":[{"embeddable":true,"href":"https:\/\/ramse.es\/wordpress\/wp-json\/wp\/v2\/users\/4"}],"replies":[{"embeddable":true,"href":"https:\/\/ramse.es\/wordpress\/wp-json\/wp\/v2\/comments?post=5850"}],"wp:featuredmedia":[{"embeddable":true,"href":"https:\/\/ramse.es\/wordpress\/wp-json\/wp\/v2\/media\/5851"}],"wp:attachment":[{"href":"https:\/\/ramse.es\/wordpress\/wp-json\/wp\/v2\/media?parent=5850"}],"wp:term":[{"taxonomy":"post_tag","embeddable":true,"href":"https:\/\/ramse.es\/wordpress\/wp-json\/wp\/v2\/tags?post=5850"},{"taxonomy":"mec_category","embeddable":true,"href":"https:\/\/ramse.es\/wordpress\/wp-json\/wp\/v2\/mec_category?post=5850"}],"curies":[{"name":"wp","href":"https:\/\/api.w.org\/{rel}","templated":true}]}}

Día de la Academia 326 aniversario

<p class="p1">LA REAL ACADEMIA DE MEDICINA Y CIRUGÍA DE SEVILLA</p>
<p class="p1">tiene el honor de invitarle a Vd. a la Sesión Pública y Extraordinaria del Día de la Academia, Conmemorativa del 326 aniversario de la Regia Sociedad, que se celebrará el jueves 21 de mayo de 2026, a las ocho de la tarde, en el Salón de Actos “Ramón y Cajal” de nuestra sede, Calle Abades, 10, con arreglo a la siguiente programación</p>
<p class="p1">I. Apertura del acto</p>
<p class="p1">II. Conferencia “La Sábana Santa bajo la mirada de la Medicina: evidencias y preguntas abiertas en el siglo XXI”, impartida por Sr. Dr. D. Fernando de la Portilla de Juan, Académico Correspondiente de la RAMSE.</p>
<p class="p1">III. Entrega de estatuilla de Académico de Número Emérito de la RAMSE a los Ilmos. Sres. Dres. D. Enrique Murillo Capitán y D. José Mª Rubio Rubio.</p>
<p class="p1">IV. Clausura el acto el Excmo. Sr. presidente D. Carlos A. Infantes Alcón.</p>
<p class="p1">Puede descargar la invitación en <a href="https://ramse.es/wordpress/wp-content/uploads/2026/04/21-05-2026-Invitacion-Dia-de-la-Academia.pdf" target="_blank" rel="noopener">este enlace</a>.</p>

<p>LA REAL ACADEMIA DE MEDICINA Y CIRUGÍA DE SEVILLA tiene el honor de invitarle a Vd. a la Sesión Pública y Extraordinaria del Día de la Academia, Conmemorativa del 326 aniversario de la Regia Sociedad, que se celebrará el jueves 21 de mayo de 2026, a las ocho de la tarde, en el Salón de Actos “Ramón y Cajal” de nuestra sede, Calle Abades, 10, con arreglo a la siguiente programación I. Apertura del acto II. Conferencia “La Sábana Santa bajo la mirada de la Medicina: evidencias y preguntas abiertas en el siglo XXI”, impartida por Sr. Dr. D. Fernando de [&hellip;]</p>
