{"id":5847,"date":"2026-04-28T12:12:59","date_gmt":"2026-04-28T10:12:59","guid":{"rendered":"https:\/\/ramse.es\/wordpress\/?post_type=mec-events&#038;p=5847"},"modified":"2026-04-28T12:12:59","modified_gmt":"2026-04-28T10:12:59","slug":"mesa-redonda-actualizacion-en-trastorno-del-espectro-del-autismo-un-mundo-por-descubrir","status":"publish","type":"mec-events","link":"https:\/\/ramse.es\/wordpress\/eventos\/mesa-redonda-actualizacion-en-trastorno-del-espectro-del-autismo-un-mundo-por-descubrir\/","title":{"rendered":"Mesa Redonda: \u201cActualizaci\u00f3n en Trastorno del Espectro del Autismo. Un mundo por descubrir\u201d"},"content":{"rendered":"<p class=\"p1\">La Real Academia de Medicina y Cirug\u00eda de Sevilla tiene el honor de invitarle a la Mesa Redonda que tendr\u00e1 lugar en nuestra sede, con arreglo a la siguiente programaci\u00f3n:<\/p>\n<p>&nbsp;<\/p>\n<p class=\"p1\">Preside:<\/p>\n<p class=\"p2\">Excmo. Sr. Dr. D. Carlos A. Infantes Alc\u00f3n, Presidente de la Real Academia de Medicina y Cirug\u00eda de Sevilla.<\/p>\n<p>&nbsp;<\/p>\n<p class=\"p1\">Presenta y modera<\/p>\n<p class=\"p2\">Prof. Dr. D. Mart\u00edn Navarro Merino, Acad\u00e9mico de N\u00famero en la plaza de Pediatr\u00eda Social<\/p>\n<p>&nbsp;<\/p>\n<p class=\"p1\">Ponentes<\/p>\n<p class=\"p2\">Prof. Dr. D. David Salda\u00f1a, Director de la C\u00e1tedra de Autismo de la US. Catedr\u00e1tico de Psicolog\u00eda de la US<\/p>\n<p class=\"p1\">\u00abEvoluci\u00f3n del concepto y conocimiento actual\u00bb.<\/p>\n<p>&nbsp;<\/p>\n<p class=\"p2\">Dra. D\u00f1a. Esther Garrido<\/p>\n<p class=\"p1\">Pediatra de la Unidad de Atenci\u00f3n Infantil Temprana de Sevilla. Coordinadora del Plan Integral de Atenci\u00f3n Temprana de Andaluc\u00eda 26-29,<\/p>\n<p class=\"p1\">\u00abDetecci\u00f3n precoz y diagn\u00f3stico\u201d.<\/p>\n<p>&nbsp;<\/p>\n<p class=\"p2\">Dr. D. Marcos Zamora, Director General Autismo Sevilla<\/p>\n<p class=\"p2\">\u00abIntervenci\u00f3n basada en la evidencia y apoyos a lo largo de la vida\u00bb. Acompa\u00f1an en la mesa una familia con un hijo con autismo y una persona autista.<\/p>\n<p class=\"p3\">\n<p>Puede descargar la invitaci\u00f3n en <a href=\"https:\/\/ramse.es\/wordpress\/wp-content\/uploads\/2026\/04\/28-05-2026-Cartel-MR.pdf\" target=\"_blank\" rel=\"noopener\">este enlace<\/a>.<\/p>\n","protected":false},"excerpt":{"rendered":"<p>La Real Academia de Medicina y Cirug\u00eda de Sevilla tiene el honor de invitarle a la Mesa Redonda que tendr\u00e1 lugar en nuestra sede, con arreglo a la siguiente programaci\u00f3n: &nbsp; Preside: Excmo. Sr. Dr. D. Carlos A. Infantes Alc\u00f3n, Presidente de la Real Academia de Medicina y Cirug\u00eda de Sevilla. &nbsp; Presenta y modera Prof. Dr. D. Mart\u00edn Navarro Merino, Acad\u00e9mico de N\u00famero en la plaza de Pediatr\u00eda Social &nbsp; Ponentes Prof. Dr. D. David Salda\u00f1a, Director de la C\u00e1tedra de Autismo de la US. Catedr\u00e1tico de Psicolog\u00eda de la US \u00abEvoluci\u00f3n del concepto y conocimiento actual\u00bb. &nbsp; Dra. D\u00f1a. [&hellip;]<\/p>\n","protected":false},"author":4,"featured_media":5848,"comment_status":"open","ping_status":"closed","template":"","tags":[406],"mec_category":[73],"class_list":["post-5847","mec-events","type-mec-events","status-publish","has-post-thumbnail","hentry","tag-autismo","mec_category-mesa-redonda"],"_links":{"self":[{"href":"https:\/\/ramse.es\/wordpress\/wp-json\/wp\/v2\/mec-events\/5847","targetHints":{"allow":["GET"]}}],"collection":[{"href":"https:\/\/ramse.es\/wordpress\/wp-json\/wp\/v2\/mec-events"}],"about":[{"href":"https:\/\/ramse.es\/wordpress\/wp-json\/wp\/v2\/types\/mec-events"}],"author":[{"embeddable":true,"href":"https:\/\/ramse.es\/wordpress\/wp-json\/wp\/v2\/users\/4"}],"replies":[{"embeddable":true,"href":"https:\/\/ramse.es\/wordpress\/wp-json\/wp\/v2\/comments?post=5847"}],"wp:featuredmedia":[{"embeddable":true,"href":"https:\/\/ramse.es\/wordpress\/wp-json\/wp\/v2\/media\/5848"}],"wp:attachment":[{"href":"https:\/\/ramse.es\/wordpress\/wp-json\/wp\/v2\/media?parent=5847"}],"wp:term":[{"taxonomy":"post_tag","embeddable":true,"href":"https:\/\/ramse.es\/wordpress\/wp-json\/wp\/v2\/tags?post=5847"},{"taxonomy":"mec_category","embeddable":true,"href":"https:\/\/ramse.es\/wordpress\/wp-json\/wp\/v2\/mec_category?post=5847"}],"curies":[{"name":"wp","href":"https:\/\/api.w.org\/{rel}","templated":true}]}}

Mesa Redonda: “Actualización en Trastorno del Espectro del Autismo. Un mundo por descubrir”

<p class="p1">La Real Academia de Medicina y Cirugía de Sevilla tiene el honor de invitarle a la Mesa Redonda que tendrá lugar en nuestra sede, con arreglo a la siguiente programación:</p>
<p>&nbsp;</p>
<p class="p1">Preside:</p>
<p class="p2">Excmo. Sr. Dr. D. Carlos A. Infantes Alcón, Presidente de la Real Academia de Medicina y Cirugía de Sevilla.</p>
<p>&nbsp;</p>
<p class="p1">Presenta y modera</p>
<p class="p2">Prof. Dr. D. Martín Navarro Merino, Académico de Número en la plaza de Pediatría Social</p>
<p>&nbsp;</p>
<p class="p1">Ponentes</p>
<p class="p2">Prof. Dr. D. David Saldaña, Director de la Cátedra de Autismo de la US. Catedrático de Psicología de la US</p>
<p class="p1">«Evolución del concepto y conocimiento actual».</p>
<p>&nbsp;</p>
<p class="p2">Dra. Dña. Esther Garrido</p>
<p class="p1">Pediatra de la Unidad de Atención Infantil Temprana de Sevilla. Coordinadora del Plan Integral de Atención Temprana de Andalucía 26-29,</p>
<p class="p1">«Detección precoz y diagnóstico”.</p>
<p>&nbsp;</p>
<p class="p2">Dr. D. Marcos Zamora, Director General Autismo Sevilla</p>
<p class="p2">«Intervención basada en la evidencia y apoyos a lo largo de la vida». Acompañan en la mesa una familia con un hijo con autismo y una persona autista.</p>
<p class="p3">
<p>Puede descargar la invitación en <a href="https://ramse.es/wordpress/wp-content/uploads/2026/04/28-05-2026-Cartel-MR.pdf" target="_blank" rel="noopener">este enlace</a>.</p>

<p>La Real Academia de Medicina y Cirugía de Sevilla tiene el honor de invitarle a la Mesa Redonda que tendrá lugar en nuestra sede, con arreglo a la siguiente programación: &nbsp; Preside: Excmo. Sr. Dr. D. Carlos A. Infantes Alcón, Presidente de la Real Academia de Medicina y Cirugía de Sevilla. &nbsp; Presenta y modera Prof. Dr. D. Martín Navarro Merino, Académico de Número en la plaza de Pediatría Social &nbsp; Ponentes Prof. Dr. D. David Saldaña, Director de la Cátedra de Autismo de la US. Catedrático de Psicología de la US «Evolución del concepto y conocimiento actual». &nbsp; Dra. Dña. [&hellip;]</p>
