{"id":5462,"date":"2025-11-02T11:49:16","date_gmt":"2025-11-02T09:49:16","guid":{"rendered":"https:\/\/ramse.es\/wordpress\/?post_type=mec-events&#038;p=5462"},"modified":"2025-11-02T11:49:16","modified_gmt":"2025-11-02T09:49:16","slug":"foro-academico-la-aplicacion-de-la-inteligencia-artificial-en-medicina-posibilidades-y-riesgos","status":"publish","type":"mec-events","link":"https:\/\/ramse.es\/wordpress\/eventos\/foro-academico-la-aplicacion-de-la-inteligencia-artificial-en-medicina-posibilidades-y-riesgos\/","title":{"rendered":"Foro Acad\u00e9mico: \u201cLa aplicaci\u00f3n de la Inteligencia Artificial en Medicina. Posibilidades y riesgos\u201d"},"content":{"rendered":"<p><b>FORO ACAD\u00c9MICO: \u201cLa aplicaci\u00f3n de la Inteligencia Artificial en Medicina. Posibilidades y riesgos\u201d<\/b><\/p>\n<p><span style=\"font-weight: 400;\">La Real Academia de Medicina y Cirug\u00eda de Sevilla tiene el honor de invitarle al Foro Acad\u00e9mico que tendr\u00e1 lugar en nuestra sede, con arreglo a la siguiente programaci\u00f3n:<\/span><\/p>\n<p>&nbsp;<\/p>\n<p><b>Preside:<\/b><\/p>\n<p><b>Excmo. Sr. Dr. D. Carlos A. Infantes Alc\u00f3n. <\/b><span style=\"font-weight: 400;\">Presidente de la Real Academia de Medicina y Cirug\u00eda de <\/span><span style=\"font-weight: 400;\">Sevilla.<\/span><\/p>\n<p>&nbsp;<\/p>\n<p><b>Presenta y modera\u00a0<\/b><\/p>\n<p><b>Prof. Dr. D. Jos\u00e9 M\u00aa Rubio Rubio. <\/b><span style=\"font-weight: 400;\">Acad\u00e9mico de N\u00famero de la RAMSE.<\/span><\/p>\n<p>&nbsp;<\/p>\n<p><b>Ponentes<\/b><\/p>\n<p><b>Dr. D. Francisco Campa Valera.<\/b><span style=\"font-weight: 400;\"> Acad\u00e9mico Correspondiente de la RAMSE.<\/span><span style=\"font-weight: 400;\">\u00a0<\/span><b>\u00abConsideraciones m\u00e9dicas\u00bb.<\/b><\/p>\n<p><b>Dr. D. Jos\u00e9 M\u00aa Dom\u00ednguez Rold\u00e1n. <\/b><span style=\"font-weight: 400;\">Acad\u00e9mico Correspondiente de la RAMSE. Presidente del Comit\u00e9 Deontol\u00f3gico del RICOMS. <\/span><b>\u00abConsideraciones \u00e9ticas<\/b><span style=\"font-weight: 400;\">\u00ab.<\/span><\/p>\n<p><b>Discusi\u00f3n\u00a0<\/b><\/p>\n<p><b>Clausura<\/b><span style=\"font-weight: 400;\"> el acto el Excmo. Sr. presidente de la RAMSE<\/span><\/p>\n<p>&nbsp;<\/p>\n<p>\u2219\u00a0<b>Acto: <\/b>Foro Acad\u00e9mico: \u201cLa aplicaci\u00f3n de la Inteligencia Artificial en Medicina. Posibilidades y riesgos\u201d<\/p>\n<p>\u2219\u00a0<b>Fecha:\u00a0<\/b>Martes, 18 de noviembre de 2025<\/p>\n<p>\u2219\u00a0<b>Hora:\u00a0<\/b>19:00 h<\/p>\n<p>\u2219\u00a0<b>Lugar:\u00a0<\/b>Sal\u00f3n de Actos \u201cRam\u00f3n y Cajal\u201d \u2013 Real Academia de Medicina y\u00a0 Cirug\u00eda de Sevilla (C\/Abades, 10. 41004 Sevilla)<\/p>\n<p>Puedes descargar la invitaci\u00f3n en <a href=\"https:\/\/ramse.es\/wordpress\/wp-content\/uploads\/2025\/11\/18-11-2025-Cartel-Foro.pdf\" target=\"_blank\" rel=\"noopener\">este enlace<\/a>.<\/p>\n<p>&nbsp;<\/p>\n","protected":false},"excerpt":{"rendered":"<p>FORO ACAD\u00c9MICO: \u201cLa aplicaci\u00f3n de la Inteligencia Artificial en Medicina. Posibilidades y riesgos\u201d La Real Academia de Medicina y Cirug\u00eda de Sevilla tiene el honor de invitarle al Foro Acad\u00e9mico que tendr\u00e1 lugar en nuestra sede, con arreglo a la siguiente programaci\u00f3n: &nbsp; Preside: Excmo. Sr. Dr. D. Carlos A. Infantes Alc\u00f3n. Presidente de la Real Academia de Medicina y Cirug\u00eda de Sevilla. &nbsp; Presenta y modera\u00a0 Prof. Dr. D. Jos\u00e9 M\u00aa Rubio Rubio. Acad\u00e9mico de N\u00famero de la RAMSE. &nbsp; Ponentes Dr. D. Francisco Campa Valera. Acad\u00e9mico Correspondiente de la RAMSE.\u00a0\u00abConsideraciones m\u00e9dicas\u00bb. Dr. D. Jos\u00e9 M\u00aa Dom\u00ednguez Rold\u00e1n. Acad\u00e9mico Correspondiente [&hellip;]<\/p>\n","protected":false},"author":4,"featured_media":0,"comment_status":"open","ping_status":"closed","template":"","tags":[172],"mec_category":[364],"class_list":["post-5462","mec-events","type-mec-events","status-publish","hentry","tag-inteligencia-artificial","mec_category-foro-academico"],"_links":{"self":[{"href":"https:\/\/ramse.es\/wordpress\/wp-json\/wp\/v2\/mec-events\/5462","targetHints":{"allow":["GET"]}}],"collection":[{"href":"https:\/\/ramse.es\/wordpress\/wp-json\/wp\/v2\/mec-events"}],"about":[{"href":"https:\/\/ramse.es\/wordpress\/wp-json\/wp\/v2\/types\/mec-events"}],"author":[{"embeddable":true,"href":"https:\/\/ramse.es\/wordpress\/wp-json\/wp\/v2\/users\/4"}],"replies":[{"embeddable":true,"href":"https:\/\/ramse.es\/wordpress\/wp-json\/wp\/v2\/comments?post=5462"}],"wp:attachment":[{"href":"https:\/\/ramse.es\/wordpress\/wp-json\/wp\/v2\/media?parent=5462"}],"wp:term":[{"taxonomy":"post_tag","embeddable":true,"href":"https:\/\/ramse.es\/wordpress\/wp-json\/wp\/v2\/tags?post=5462"},{"taxonomy":"mec_category","embeddable":true,"href":"https:\/\/ramse.es\/wordpress\/wp-json\/wp\/v2\/mec_category?post=5462"}],"curies":[{"name":"wp","href":"https:\/\/api.w.org\/{rel}","templated":true}]}}

Foro Académico: “La aplicación de la Inteligencia Artificial en Medicina. Posibilidades y riesgos”

<p><b>FORO ACADÉMICO: “La aplicación de la Inteligencia Artificial en Medicina. Posibilidades y riesgos”</b></p>
<p><span style="font-weight: 400;">La Real Academia de Medicina y Cirugía de Sevilla tiene el honor de invitarle al Foro Académico que tendrá lugar en nuestra sede, con arreglo a la siguiente programación:</span></p>
<p>&nbsp;</p>
<p><b>Preside:</b></p>
<p><b>Excmo. Sr. Dr. D. Carlos A. Infantes Alcón. </b><span style="font-weight: 400;">Presidente de la Real Academia de Medicina y Cirugía de </span><span style="font-weight: 400;">Sevilla.</span></p>
<p>&nbsp;</p>
<p><b>Presenta y modera </b></p>
<p><b>Prof. Dr. D. José Mª Rubio Rubio. </b><span style="font-weight: 400;">Académico de Número de la RAMSE.</span></p>
<p>&nbsp;</p>
<p><b>Ponentes</b></p>
<p><b>Dr. D. Francisco Campa Valera.</b><span style="font-weight: 400;"> Académico Correspondiente de la RAMSE.</span><span style="font-weight: 400;"> </span><b>«Consideraciones médicas».</b></p>
<p><b>Dr. D. José Mª Domínguez Roldán. </b><span style="font-weight: 400;">Académico Correspondiente de la RAMSE. Presidente del Comité Deontológico del RICOMS. </span><b>«Consideraciones éticas</b><span style="font-weight: 400;">«.</span></p>
<p><b>Discusión </b></p>
<p><b>Clausura</b><span style="font-weight: 400;"> el acto el Excmo. Sr. presidente de la RAMSE</span></p>
<p>&nbsp;</p>
<p>∙ <b>Acto: </b>Foro Académico: “La aplicación de la Inteligencia Artificial en Medicina. Posibilidades y riesgos”</p>
<p>∙ <b>Fecha: </b>Martes, 18 de noviembre de 2025</p>
<p>∙ <b>Hora: </b>19:00 h</p>
<p>∙ <b>Lugar: </b>Salón de Actos “Ramón y Cajal” – Real Academia de Medicina y  Cirugía de Sevilla (C/Abades, 10. 41004 Sevilla)</p>
<p>Puedes descargar la invitación en <a href="https://ramse.es/wordpress/wp-content/uploads/2025/11/18-11-2025-Cartel-Foro.pdf" target="_blank" rel="noopener">este enlace</a>.</p>
<p>&nbsp;</p>

<p>FORO ACADÉMICO: “La aplicación de la Inteligencia Artificial en Medicina. Posibilidades y riesgos” La Real Academia de Medicina y Cirugía de Sevilla tiene el honor de invitarle al Foro Académico que tendrá lugar en nuestra sede, con arreglo a la siguiente programación: &nbsp; Preside: Excmo. Sr. Dr. D. Carlos A. Infantes Alcón. Presidente de la Real Academia de Medicina y Cirugía de Sevilla. &nbsp; Presenta y modera  Prof. Dr. D. José Mª Rubio Rubio. Académico de Número de la RAMSE. &nbsp; Ponentes Dr. D. Francisco Campa Valera. Académico Correspondiente de la RAMSE. «Consideraciones médicas». Dr. D. José Mª Domínguez Roldán. Académico Correspondiente [&hellip;]</p>
