{"id":5339,"date":"2025-05-13T13:23:52","date_gmt":"2025-05-13T11:23:52","guid":{"rendered":"https:\/\/ramse.es\/wordpress\/?post_type=mec-events&#038;p=5339"},"modified":"2025-05-14T10:30:36","modified_gmt":"2025-05-14T08:30:36","slug":"recepcion-academicos-correspondiente-22-mayo-2025","status":"publish","type":"mec-events","link":"https:\/\/ramse.es\/wordpress\/eventos\/recepcion-academicos-correspondiente-22-mayo-2025\/","title":{"rendered":"Recepci\u00f3n Acad\u00e9micos Correspondiente 22 mayo 2025"},"content":{"rendered":"<p class=\"p2\">El d\u00eda 22 de mayo del presente a\u00f1o, la Real Academia de Medicina y Cirug\u00eda de Sevilla celebrar\u00e1 sesi\u00f3n solemne para la recepci\u00f3n de Acad\u00e9micos Correspondientes con el siguiente programa:<span class=\"Apple-converted-space\">\u00a0<\/span><\/p>\n<p>&nbsp;<\/p>\n<p class=\"p3\"><strong>Dr. D. Pedro Bern\u00e1ldez Dom\u00ednguez<span class=\"Apple-converted-space\">\u00a0<\/span><\/strong><\/p>\n<p class=\"p2\">Tema: \u201cLa Ortobiolog\u00eda Intervencionista: revolucionando la Medicina Regenerativa para un futuro m\u00e1s saludable\u201d.<span class=\"Apple-converted-space\"> \u00a0<\/span>Ser\u00e1 presentado por el Acad\u00e9mico de N\u00famero Ilmo. Sr. Dr. D. Fernando S\u00e1enz L\u00f3pez de Rueda.<span class=\"Apple-converted-space\">\u00a0<\/span><\/p>\n<p>&nbsp;<\/p>\n<p class=\"p3\"><strong>Dr. D. Jos\u00e9 Mar\u00eda L\u00f3pez-Puerta Gonz\u00e1lez<\/strong><\/p>\n<p class=\"p3\">Tema: \u201cTratamiento de la Escoliosis. Actualidad y futuro\u201d.<span class=\"Apple-converted-space\"> \u00a0<\/span>Ser\u00e1 presentado por el Acad\u00e9mico de N\u00famero Ilmo. Sr. Dr. D. Jorge Dom\u00ednguez-Rodi\u00f1o S\u00e1nchez-Laulh\u00e9.<span class=\"Apple-converted-space\">\u00a0<\/span><\/p>\n<p>&nbsp;<\/p>\n<p class=\"p3\"><strong>Dr. D. Francisco M\u00e1rquez Maraver<span class=\"Apple-converted-space\">\u00a0<\/span><\/strong><\/p>\n<p class=\"p2\">Tema: \u201cEl reto de ejercer la medicina en general y la obstetricia y ginecolog\u00eda en particular en el dif\u00edcil contexto socioecon\u00f3mico actual\u201d.<span class=\"Apple-converted-space\"> \u00a0<\/span>Ser\u00e1 presentado por el Acad\u00e9mico de N\u00famero Ilmo. Sr. Dr. D. Rogelio Garrido Teruel.<span class=\"Apple-converted-space\">\u00a0<\/span><\/p>\n<p>&nbsp;<\/p>\n<p class=\"p2\">Al finalizar las exposiciones, el Excmo. Sr. Presidente, les impondr\u00e1 la Medalla Acad\u00e9mica y les entregar\u00e1 el Diploma acreditativo.<span class=\"Apple-converted-space\">\u00a0<\/span><\/p>\n<p class=\"p4\">Clausurar\u00e1 el acto el Excmo. Sr. Presidente Dr. D. Carlos A. Infantes Alc\u00f3n.<span class=\"Apple-converted-space\">\u00a0<\/span><\/p>\n<p>Puede descargar la invitaci\u00f3n en <a href=\"https:\/\/ramse.es\/wordpress\/wp-content\/uploads\/2025\/05\/Academicos-Correspondientes-22-5-2025.pdf\" target=\"_blank\" rel=\"noopener\">este enlace<\/a>.<\/p>\n<p>&nbsp;<\/p>\n","protected":false},"excerpt":{"rendered":"<p>El d\u00eda 22 de mayo del presente a\u00f1o, la Real Academia de Medicina y Cirug\u00eda de Sevilla celebrar\u00e1 sesi\u00f3n solemne para la recepci\u00f3n de Acad\u00e9micos Correspondientes con el siguiente programa:\u00a0 &nbsp; Dr. D. Pedro Bern\u00e1ldez Dom\u00ednguez\u00a0 Tema: \u201cLa Ortobiolog\u00eda Intervencionista: revolucionando la Medicina Regenerativa para un futuro m\u00e1s saludable\u201d. \u00a0Ser\u00e1 presentado por el Acad\u00e9mico de N\u00famero Ilmo. Sr. Dr. D. Fernando S\u00e1enz L\u00f3pez de Rueda.\u00a0 &nbsp; Dr. D. Jos\u00e9 Mar\u00eda L\u00f3pez-Puerta Gonz\u00e1lez Tema: \u201cTratamiento de la Escoliosis. Actualidad y futuro\u201d. \u00a0Ser\u00e1 presentado por el Acad\u00e9mico de N\u00famero Ilmo. Sr. Dr. D. Jorge Dom\u00ednguez-Rodi\u00f1o S\u00e1nchez-Laulh\u00e9.\u00a0 &nbsp; Dr. D. Francisco M\u00e1rquez Maraver\u00a0 Tema: [&hellip;]<\/p>\n","protected":false},"author":4,"featured_media":5340,"comment_status":"open","ping_status":"closed","template":"","tags":[343,342,341],"mec_category":[65,66],"class_list":["post-5339","mec-events","type-mec-events","status-publish","has-post-thumbnail","hentry","tag-francisco-marquez-maraver","tag-jose-maria-lopez-puerta-gonzalez","tag-pedro-bernaldez-dominguez","mec_category-academicos-correspondientes","mec_category-acto-academico"],"_links":{"self":[{"href":"https:\/\/ramse.es\/wordpress\/wp-json\/wp\/v2\/mec-events\/5339","targetHints":{"allow":["GET"]}}],"collection":[{"href":"https:\/\/ramse.es\/wordpress\/wp-json\/wp\/v2\/mec-events"}],"about":[{"href":"https:\/\/ramse.es\/wordpress\/wp-json\/wp\/v2\/types\/mec-events"}],"author":[{"embeddable":true,"href":"https:\/\/ramse.es\/wordpress\/wp-json\/wp\/v2\/users\/4"}],"replies":[{"embeddable":true,"href":"https:\/\/ramse.es\/wordpress\/wp-json\/wp\/v2\/comments?post=5339"}],"wp:featuredmedia":[{"embeddable":true,"href":"https:\/\/ramse.es\/wordpress\/wp-json\/wp\/v2\/media\/5340"}],"wp:attachment":[{"href":"https:\/\/ramse.es\/wordpress\/wp-json\/wp\/v2\/media?parent=5339"}],"wp:term":[{"taxonomy":"post_tag","embeddable":true,"href":"https:\/\/ramse.es\/wordpress\/wp-json\/wp\/v2\/tags?post=5339"},{"taxonomy":"mec_category","embeddable":true,"href":"https:\/\/ramse.es\/wordpress\/wp-json\/wp\/v2\/mec_category?post=5339"}],"curies":[{"name":"wp","href":"https:\/\/api.w.org\/{rel}","templated":true}]}}

Recepción Académicos Correspondiente 22 mayo 2025

<p class="p2">El día 22 de mayo del presente año, la Real Academia de Medicina y Cirugía de Sevilla celebrará sesión solemne para la recepción de Académicos Correspondientes con el siguiente programa:<span class="Apple-converted-space"> </span></p>
<p>&nbsp;</p>
<p class="p3"><strong>Dr. D. Pedro Bernáldez Domínguez<span class="Apple-converted-space"> </span></strong></p>
<p class="p2">Tema: “La Ortobiología Intervencionista: revolucionando la Medicina Regenerativa para un futuro más saludable”.<span class="Apple-converted-space">  </span>Será presentado por el Académico de Número Ilmo. Sr. Dr. D. Fernando Sáenz López de Rueda.<span class="Apple-converted-space"> </span></p>
<p>&nbsp;</p>
<p class="p3"><strong>Dr. D. José María López-Puerta González</strong></p>
<p class="p3">Tema: “Tratamiento de la Escoliosis. Actualidad y futuro”.<span class="Apple-converted-space">  </span>Será presentado por el Académico de Número Ilmo. Sr. Dr. D. Jorge Domínguez-Rodiño Sánchez-Laulhé.<span class="Apple-converted-space"> </span></p>
<p>&nbsp;</p>
<p class="p3"><strong>Dr. D. Francisco Márquez Maraver<span class="Apple-converted-space"> </span></strong></p>
<p class="p2">Tema: “El reto de ejercer la medicina en general y la obstetricia y ginecología en particular en el difícil contexto socioeconómico actual”.<span class="Apple-converted-space">  </span>Será presentado por el Académico de Número Ilmo. Sr. Dr. D. Rogelio Garrido Teruel.<span class="Apple-converted-space"> </span></p>
<p>&nbsp;</p>
<p class="p2">Al finalizar las exposiciones, el Excmo. Sr. Presidente, les impondrá la Medalla Académica y les entregará el Diploma acreditativo.<span class="Apple-converted-space"> </span></p>
<p class="p4">Clausurará el acto el Excmo. Sr. Presidente Dr. D. Carlos A. Infantes Alcón.<span class="Apple-converted-space"> </span></p>
<p>Puede descargar la invitación en <a href="https://ramse.es/wordpress/wp-content/uploads/2025/05/Academicos-Correspondientes-22-5-2025.pdf" target="_blank" rel="noopener">este enlace</a>.</p>
<p>&nbsp;</p>

<p>El día 22 de mayo del presente año, la Real Academia de Medicina y Cirugía de Sevilla celebrará sesión solemne para la recepción de Académicos Correspondientes con el siguiente programa:  &nbsp; Dr. D. Pedro Bernáldez Domínguez  Tema: “La Ortobiología Intervencionista: revolucionando la Medicina Regenerativa para un futuro más saludable”.  Será presentado por el Académico de Número Ilmo. Sr. Dr. D. Fernando Sáenz López de Rueda.  &nbsp; Dr. D. José María López-Puerta González Tema: “Tratamiento de la Escoliosis. Actualidad y futuro”.  Será presentado por el Académico de Número Ilmo. Sr. Dr. D. Jorge Domínguez-Rodiño Sánchez-Laulhé.  &nbsp; Dr. D. Francisco Márquez Maraver  Tema: [&hellip;]</p>
