{"id":5083,"date":"2025-01-16T12:12:09","date_gmt":"2025-01-16T10:12:09","guid":{"rendered":"https:\/\/ramse.es\/wordpress\/?post_type=mec-events&#038;p=5083"},"modified":"2025-01-16T12:12:09","modified_gmt":"2025-01-16T10:12:09","slug":"mesa-redonda-hacia-una-vision-holistica-de-la-colonoscopia","status":"publish","type":"mec-events","link":"https:\/\/ramse.es\/wordpress\/eventos\/mesa-redonda-hacia-una-vision-holistica-de-la-colonoscopia\/","title":{"rendered":"Mesa Redonda: \u201cHacia una visi\u00f3n hol\u00edstica de la colonoscopia\u201d"},"content":{"rendered":"<p>La Real Academia de Medicina y Cirug\u00eda de Sevilla tiene el honor de invitarle a la Mesa Redonda que tendr\u00e1 lugar en nuestra sede, con arreglo a la siguiente programaci\u00f3n:<\/p>\n<p>Preside:<br \/>\nDr. D. Carlos A. Infantes Alc\u00f3n<br \/>\nPresidente de la Real Academia de Medicina y Cirug\u00eda de Sevilla.<\/p>\n<p>Presentaci\u00f3n:<br \/>\nDr. D. Felipe Mart\u00ednez Alcal\u00e1<br \/>\nAcad\u00e9mico de N\u00famero de la RAMSE. Decano promotor de la Facultad de Ciencias de la Salud y la Vida de la Universidad<br \/>\nCEU Fernando III.<\/p>\n<p>Moderaci\u00f3n y coordinaci\u00f3n:<br \/>\nDr. D. Manuel Rodr\u00edguez T\u00e9llez<br \/>\nJefe de Secci\u00f3n de Aparato Digestivo-Endoscopia del Hospital Universitario Virgen Macarena de Sevilla. Acad\u00e9mico<br \/>\nCorrespondiente de la RAMSE. Profesor Asociado de Medicina de la Universidad de Sevilla. Director de la Unidad<br \/>\nde Digestivo-Endoscopia de Cl\u00ednica Arenal de Sevilla. Board Member de la Sociedad Espa\u00f1ola de Endoscopia Digestiva.<\/p>\n<p>Ponentes:<br \/>\nDra. D\u00f1a. Ana Bejarano Garc\u00eda<br \/>\n\u201cEl entorno sanitario , el endoscopista y el paciente\u201d<\/p>\n<p>Dra. D\u00f1a. \u00c1ngeles Pizarro Moreno<br \/>\n\u201cUna visi\u00f3n eficiente y adecuada a lo que necesita la<br \/>\npoblaci\u00f3n para la prevenci\u00f3n del c\u00e1ncer de colon y el<br \/>\nseguimiento de p\u00f3lipos\u201d<\/p>\n<p>Dr. D. Manuel Rodr\u00edguez T\u00e9llez<br \/>\n\u201cLa repercusi\u00f3n de la preparaci\u00f3n en el proceso\u201d<\/p>\n<p>Discusi\u00f3n<\/p>\n<p>Clausura del acto el Excmo. Sr. Presidente de la RAMSE.<\/p>\n<p>&#8212;<br \/>\nMartes, 4 febrero de 2025<br \/>\nHora: 19:00 h.<br \/>\nLugar: Real Academia de Medicina y Cirug\u00eda de Sevilla<br \/>\nSal\u00f3n de Actos \u201cRam\u00f3n y Cajal\u201d. C\/ Abades, 10.<br \/>\n&#8212;<\/p>\n<p>Descarga la invitaci\u00f3n en <a href=\"https:\/\/ramse.es\/wordpress\/wp-content\/uploads\/2025\/01\/MR.-Digestivo-4-2-25.pdf\" target=\"_blank\" rel=\"noopener\">este enlace<\/a>.<\/p>\n","protected":false},"excerpt":{"rendered":"<p>La Real Academia de Medicina y Cirug\u00eda de Sevilla tiene el honor de invitarle a la Mesa Redonda que tendr\u00e1 lugar en nuestra sede, con arreglo a la siguiente programaci\u00f3n: Preside: Dr. D. Carlos A. Infantes Alc\u00f3n Presidente de la Real Academia de Medicina y Cirug\u00eda de Sevilla. Presentaci\u00f3n: Dr. D. Felipe Mart\u00ednez Alcal\u00e1 Acad\u00e9mico de N\u00famero de la RAMSE. Decano promotor de la Facultad de Ciencias de la Salud y la Vida de la Universidad CEU Fernando III. Moderaci\u00f3n y coordinaci\u00f3n: Dr. D. Manuel Rodr\u00edguez T\u00e9llez Jefe de Secci\u00f3n de Aparato Digestivo-Endoscopia del Hospital Universitario Virgen Macarena de Sevilla. Acad\u00e9mico [&hellip;]<\/p>\n","protected":false},"author":4,"featured_media":5084,"comment_status":"open","ping_status":"closed","template":"","tags":[303],"mec_category":[73],"class_list":["post-5083","mec-events","type-mec-events","status-publish","has-post-thumbnail","hentry","tag-colonoscopia","mec_category-mesa-redonda"],"_links":{"self":[{"href":"https:\/\/ramse.es\/wordpress\/wp-json\/wp\/v2\/mec-events\/5083","targetHints":{"allow":["GET"]}}],"collection":[{"href":"https:\/\/ramse.es\/wordpress\/wp-json\/wp\/v2\/mec-events"}],"about":[{"href":"https:\/\/ramse.es\/wordpress\/wp-json\/wp\/v2\/types\/mec-events"}],"author":[{"embeddable":true,"href":"https:\/\/ramse.es\/wordpress\/wp-json\/wp\/v2\/users\/4"}],"replies":[{"embeddable":true,"href":"https:\/\/ramse.es\/wordpress\/wp-json\/wp\/v2\/comments?post=5083"}],"wp:featuredmedia":[{"embeddable":true,"href":"https:\/\/ramse.es\/wordpress\/wp-json\/wp\/v2\/media\/5084"}],"wp:attachment":[{"href":"https:\/\/ramse.es\/wordpress\/wp-json\/wp\/v2\/media?parent=5083"}],"wp:term":[{"taxonomy":"post_tag","embeddable":true,"href":"https:\/\/ramse.es\/wordpress\/wp-json\/wp\/v2\/tags?post=5083"},{"taxonomy":"mec_category","embeddable":true,"href":"https:\/\/ramse.es\/wordpress\/wp-json\/wp\/v2\/mec_category?post=5083"}],"curies":[{"name":"wp","href":"https:\/\/api.w.org\/{rel}","templated":true}]}}

Mesa Redonda: “Hacia una visión holística de la colonoscopia”

<p>La Real Academia de Medicina y Cirugía de Sevilla tiene el honor de invitarle a la Mesa Redonda que tendrá lugar en nuestra sede, con arreglo a la siguiente programación:</p>
<p>Preside:<br />
Dr. D. Carlos A. Infantes Alcón<br />
Presidente de la Real Academia de Medicina y Cirugía de Sevilla.</p>
<p>Presentación:<br />
Dr. D. Felipe Martínez Alcalá<br />
Académico de Número de la RAMSE. Decano promotor de la Facultad de Ciencias de la Salud y la Vida de la Universidad<br />
CEU Fernando III.</p>
<p>Moderación y coordinación:<br />
Dr. D. Manuel Rodríguez Téllez<br />
Jefe de Sección de Aparato Digestivo-Endoscopia del Hospital Universitario Virgen Macarena de Sevilla. Académico<br />
Correspondiente de la RAMSE. Profesor Asociado de Medicina de la Universidad de Sevilla. Director de la Unidad<br />
de Digestivo-Endoscopia de Clínica Arenal de Sevilla. Board Member de la Sociedad Española de Endoscopia Digestiva.</p>
<p>Ponentes:<br />
Dra. Dña. Ana Bejarano García<br />
“El entorno sanitario , el endoscopista y el paciente”</p>
<p>Dra. Dña. Ángeles Pizarro Moreno<br />
“Una visión eficiente y adecuada a lo que necesita la<br />
población para la prevención del cáncer de colon y el<br />
seguimiento de pólipos”</p>
<p>Dr. D. Manuel Rodríguez Téllez<br />
“La repercusión de la preparación en el proceso”</p>
<p>Discusión</p>
<p>Clausura del acto el Excmo. Sr. Presidente de la RAMSE.</p>
<p>&#8212;<br />
Martes, 4 febrero de 2025<br />
Hora: 19:00 h.<br />
Lugar: Real Academia de Medicina y Cirugía de Sevilla<br />
Salón de Actos “Ramón y Cajal”. C/ Abades, 10.<br />
&#8212;</p>
<p>Descarga la invitación en <a href="https://ramse.es/wordpress/wp-content/uploads/2025/01/MR.-Digestivo-4-2-25.pdf" target="_blank" rel="noopener">este enlace</a>.</p>

<p>La Real Academia de Medicina y Cirugía de Sevilla tiene el honor de invitarle a la Mesa Redonda que tendrá lugar en nuestra sede, con arreglo a la siguiente programación: Preside: Dr. D. Carlos A. Infantes Alcón Presidente de la Real Academia de Medicina y Cirugía de Sevilla. Presentación: Dr. D. Felipe Martínez Alcalá Académico de Número de la RAMSE. Decano promotor de la Facultad de Ciencias de la Salud y la Vida de la Universidad CEU Fernando III. Moderación y coordinación: Dr. D. Manuel Rodríguez Téllez Jefe de Sección de Aparato Digestivo-Endoscopia del Hospital Universitario Virgen Macarena de Sevilla. Académico [&hellip;]</p>
