{"id":5078,"date":"2024-12-23T12:56:59","date_gmt":"2024-12-23T10:56:59","guid":{"rendered":"https:\/\/ramse.es\/wordpress\/?post_type=mec-events&#038;p=5078"},"modified":"2024-12-23T12:57:17","modified_gmt":"2024-12-23T10:57:17","slug":"clausura-del-324-curso-academico-ramse-918","status":"publish","type":"mec-events","link":"https:\/\/ramse.es\/wordpress\/eventos\/clausura-del-324-curso-academico-ramse-918\/","title":{"rendered":"Apertura del 325 Curso Acad\u00e9mico RAMSE"},"content":{"rendered":"<p class=\"p1\">La Real Academia de Medicina y Cirug\u00eda de Sevilla tiene el honor de invitar a Vd. a la Sesi\u00f3n P\u00fablica y Extraordinaria de la Apertura del \u201c325 A\u00f1o Acad\u00e9mico\u201d <span class=\"s1\">bajo la <\/span>Presidencia de Honor de S.M. la Reina<\/p>\n<p class=\"p2\">I. Lectura de la Memoria Anual de esta Real Corporaci\u00f3n del a\u00f1o 2024, por el Ilmo. Sr. Secretario General de la RAMSE.<\/p>\n<p class=\"p2\">II. Discurso protocolario a cargo del Ilmo. Sr. Dr. D. Juan Sabat\u00e9 D\u00edaz, titulado: \u201cEl Santoral y la Medicina\u201d.<\/p>\n<p class=\"p2\">III. Clausura del acto por el Excmo. Sr. Presidente Dr. D. Carlos Infantes Alc\u00f3n.<\/p>\n<p class=\"p2\">Al comunicar a Vd. esta programaci\u00f3n la Academia espera verse honrada con su presencia.<\/p>\n<p>&#8212;<\/p>\n<p class=\"p1\"><span class=\"s1\">Fech<\/span>a: Jueves 30 de enero de 2025<\/p>\n<p class=\"p2\"><span class=\"s2\">Hora<\/span>: 19:00 h<\/p>\n<p class=\"p2\">Lugar: Sal\u00f3n de Actos \u201cRam\u00f3n y Cajal\u201d RAMSE . C\/Abades, 10. 41004 Sevilla<\/p>\n<p>&#8212;<\/p>\n<p class=\"p1\">Puede descargar la invitaci\u00f3n en <a href=\"https:\/\/ramse.es\/wordpress\/wp-content\/uploads\/2024\/12\/APERTURA-CURSO-30-1-25-OK.pdf\" target=\"_blank\" rel=\"noopener\">este enlace<\/a>.<\/p>\n<p>&nbsp;<\/p>\n","protected":false},"excerpt":{"rendered":"<p>La Real Academia de Medicina y Cirug\u00eda de Sevilla tiene el honor de invitar a Vd. a la Sesi\u00f3n P\u00fablica y Extraordinaria de la Apertura del \u201c325 A\u00f1o Acad\u00e9mico\u201d bajo la Presidencia de Honor de S.M. la Reina I. Lectura de la Memoria Anual de esta Real Corporaci\u00f3n del a\u00f1o 2024, por el Ilmo. Sr. Secretario General de la RAMSE. II. Discurso protocolario a cargo del Ilmo. Sr. Dr. D. Juan Sabat\u00e9 D\u00edaz, titulado: \u201cEl Santoral y la Medicina\u201d. III. Clausura del acto por el Excmo. Sr. Presidente Dr. D. Carlos Infantes Alc\u00f3n. Al comunicar a Vd. esta programaci\u00f3n la Academia [&hellip;]<\/p>\n","protected":false},"author":4,"featured_media":5080,"comment_status":"open","ping_status":"closed","template":"","tags":[299],"mec_category":[66,300],"class_list":["post-5078","mec-events","type-mec-events","status-publish","has-post-thumbnail","hentry","tag-clausura-del-324-curso-academico","mec_category-acto-academico","mec_category-curso-academico"],"_links":{"self":[{"href":"https:\/\/ramse.es\/wordpress\/wp-json\/wp\/v2\/mec-events\/5078","targetHints":{"allow":["GET"]}}],"collection":[{"href":"https:\/\/ramse.es\/wordpress\/wp-json\/wp\/v2\/mec-events"}],"about":[{"href":"https:\/\/ramse.es\/wordpress\/wp-json\/wp\/v2\/types\/mec-events"}],"author":[{"embeddable":true,"href":"https:\/\/ramse.es\/wordpress\/wp-json\/wp\/v2\/users\/4"}],"replies":[{"embeddable":true,"href":"https:\/\/ramse.es\/wordpress\/wp-json\/wp\/v2\/comments?post=5078"}],"wp:featuredmedia":[{"embeddable":true,"href":"https:\/\/ramse.es\/wordpress\/wp-json\/wp\/v2\/media\/5080"}],"wp:attachment":[{"href":"https:\/\/ramse.es\/wordpress\/wp-json\/wp\/v2\/media?parent=5078"}],"wp:term":[{"taxonomy":"post_tag","embeddable":true,"href":"https:\/\/ramse.es\/wordpress\/wp-json\/wp\/v2\/tags?post=5078"},{"taxonomy":"mec_category","embeddable":true,"href":"https:\/\/ramse.es\/wordpress\/wp-json\/wp\/v2\/mec_category?post=5078"}],"curies":[{"name":"wp","href":"https:\/\/api.w.org\/{rel}","templated":true}]}}

Apertura del 325 Curso Académico RAMSE

<p class="p1">La Real Academia de Medicina y Cirugía de Sevilla tiene el honor de invitar a Vd. a la Sesión Pública y Extraordinaria de la Apertura del “325 Año Académico” <span class="s1">bajo la </span>Presidencia de Honor de S.M. la Reina</p>
<p class="p2">I. Lectura de la Memoria Anual de esta Real Corporación del año 2024, por el Ilmo. Sr. Secretario General de la RAMSE.</p>
<p class="p2">II. Discurso protocolario a cargo del Ilmo. Sr. Dr. D. Juan Sabaté Díaz, titulado: “El Santoral y la Medicina”.</p>
<p class="p2">III. Clausura del acto por el Excmo. Sr. Presidente Dr. D. Carlos Infantes Alcón.</p>
<p class="p2">Al comunicar a Vd. esta programación la Academia espera verse honrada con su presencia.</p>
<p>&#8212;</p>
<p class="p1"><span class="s1">Fech</span>a: Jueves 30 de enero de 2025</p>
<p class="p2"><span class="s2">Hora</span>: 19:00 h</p>
<p class="p2">Lugar: Salón de Actos “Ramón y Cajal” RAMSE . C/Abades, 10. 41004 Sevilla</p>
<p>&#8212;</p>
<p class="p1">Puede descargar la invitación en <a href="https://ramse.es/wordpress/wp-content/uploads/2024/12/APERTURA-CURSO-30-1-25-OK.pdf" target="_blank" rel="noopener">este enlace</a>.</p>
<p>&nbsp;</p>

<p>La Real Academia de Medicina y Cirugía de Sevilla tiene el honor de invitar a Vd. a la Sesión Pública y Extraordinaria de la Apertura del “325 Año Académico” bajo la Presidencia de Honor de S.M. la Reina I. Lectura de la Memoria Anual de esta Real Corporación del año 2024, por el Ilmo. Sr. Secretario General de la RAMSE. II. Discurso protocolario a cargo del Ilmo. Sr. Dr. D. Juan Sabaté Díaz, titulado: “El Santoral y la Medicina”. III. Clausura del acto por el Excmo. Sr. Presidente Dr. D. Carlos Infantes Alcón. Al comunicar a Vd. esta programación la Academia [&hellip;]</p>
