{"id":5065,"date":"2024-12-17T13:00:08","date_gmt":"2024-12-17T11:00:08","guid":{"rendered":"https:\/\/ramse.es\/wordpress\/?post_type=mec-events&#038;p=5065"},"modified":"2024-12-17T13:01:32","modified_gmt":"2024-12-17T11:01:32","slug":"clausura-del-324-curso-academico-ramse","status":"publish","type":"mec-events","link":"https:\/\/ramse.es\/wordpress\/eventos\/clausura-del-324-curso-academico-ramse\/","title":{"rendered":"Clausura del 324 Curso Acad\u00e9mico RAMSE"},"content":{"rendered":"<p class=\"p1\">La Real Academia de Medicina y Cirug\u00eda de Sevilla tiene el honor de invitar a Vd. a la Sesi\u00f3n P\u00fablica y Extraordinaria que se celebrar\u00e1 el jueves 19 de diciembre de 2024, a las diecinueve horas, con motivo de la Clausura del 324 Curso Acad\u00e9mico y que tendr\u00e1 lugar en el Sal\u00f3n de Actos \u201cRam\u00f3n y Cajal\u201d de nuestra sede C\/ Abades, 10, con arreglo a la siguiente programaci\u00f3n:<\/p>\n<p class=\"p1\">I. Apertura del acto a cargo del Excmo. Sr. Presidente de la RAMSE Dr. D. Carlos A. Infantes Alc\u00f3n.<\/p>\n<p class=\"p1\">II. Presentaci\u00f3n del ponente a cargo del Ilmo. Sr. D. Felipe Mart\u00ednez Alcal\u00e1, Acad\u00e9mico de N\u00famero de la RAMSE.<\/p>\n<p class=\"p1\">III. Conferencia \u201cVida y obra del arquitecto An\u00edbal Gonz\u00e1lez \u00c1lvarez-Ossorio\u201d, del Sr. D. Dr. An\u00edbal Gonz\u00e1lez Serrano.<\/p>\n<p class=\"p1\">IV. Apertura de Plicas del Concurso Cient\u00edfico de Premios del a\u00f1o 2024.<\/p>\n<p class=\"p1\">V. Clausura del acto por el Excmo. Sr. Presidente de la RAMSE.<\/p>\n<p>Puede descargar la invitaci\u00f3n en <a href=\"https:\/\/ramse.es\/wordpress\/wp-content\/uploads\/2024\/12\/CLAUSURA-CURSO-19-12-24.pdf\" target=\"_blank\" rel=\"noopener\">este enlace<\/a>.<\/p>\n","protected":false},"excerpt":{"rendered":"<p>La Real Academia de Medicina y Cirug\u00eda de Sevilla tiene el honor de invitar a Vd. a la Sesi\u00f3n P\u00fablica y Extraordinaria que se celebrar\u00e1 el jueves 19 de diciembre de 2024, a las diecinueve horas, con motivo de la Clausura del 324 Curso Acad\u00e9mico y que tendr\u00e1 lugar en el Sal\u00f3n de Actos \u201cRam\u00f3n y Cajal\u201d de nuestra sede C\/ Abades, 10, con arreglo a la siguiente programaci\u00f3n: I. Apertura del acto a cargo del Excmo. Sr. Presidente de la RAMSE Dr. D. Carlos A. Infantes Alc\u00f3n. II. Presentaci\u00f3n del ponente a cargo del Ilmo. Sr. D. Felipe Mart\u00ednez Alcal\u00e1, [&hellip;]<\/p>\n","protected":false},"author":4,"featured_media":5067,"comment_status":"open","ping_status":"closed","template":"","tags":[299],"mec_category":[66,300],"class_list":["post-5065","mec-events","type-mec-events","status-publish","has-post-thumbnail","hentry","tag-clausura-del-324-curso-academico","mec_category-acto-academico","mec_category-curso-academico"],"_links":{"self":[{"href":"https:\/\/ramse.es\/wordpress\/wp-json\/wp\/v2\/mec-events\/5065","targetHints":{"allow":["GET"]}}],"collection":[{"href":"https:\/\/ramse.es\/wordpress\/wp-json\/wp\/v2\/mec-events"}],"about":[{"href":"https:\/\/ramse.es\/wordpress\/wp-json\/wp\/v2\/types\/mec-events"}],"author":[{"embeddable":true,"href":"https:\/\/ramse.es\/wordpress\/wp-json\/wp\/v2\/users\/4"}],"replies":[{"embeddable":true,"href":"https:\/\/ramse.es\/wordpress\/wp-json\/wp\/v2\/comments?post=5065"}],"wp:featuredmedia":[{"embeddable":true,"href":"https:\/\/ramse.es\/wordpress\/wp-json\/wp\/v2\/media\/5067"}],"wp:attachment":[{"href":"https:\/\/ramse.es\/wordpress\/wp-json\/wp\/v2\/media?parent=5065"}],"wp:term":[{"taxonomy":"post_tag","embeddable":true,"href":"https:\/\/ramse.es\/wordpress\/wp-json\/wp\/v2\/tags?post=5065"},{"taxonomy":"mec_category","embeddable":true,"href":"https:\/\/ramse.es\/wordpress\/wp-json\/wp\/v2\/mec_category?post=5065"}],"curies":[{"name":"wp","href":"https:\/\/api.w.org\/{rel}","templated":true}]}}

Clausura del 324 Curso Académico RAMSE

<p class="p1">La Real Academia de Medicina y Cirugía de Sevilla tiene el honor de invitar a Vd. a la Sesión Pública y Extraordinaria que se celebrará el jueves 19 de diciembre de 2024, a las diecinueve horas, con motivo de la Clausura del 324 Curso Académico y que tendrá lugar en el Salón de Actos “Ramón y Cajal” de nuestra sede C/ Abades, 10, con arreglo a la siguiente programación:</p>
<p class="p1">I. Apertura del acto a cargo del Excmo. Sr. Presidente de la RAMSE Dr. D. Carlos A. Infantes Alcón.</p>
<p class="p1">II. Presentación del ponente a cargo del Ilmo. Sr. D. Felipe Martínez Alcalá, Académico de Número de la RAMSE.</p>
<p class="p1">III. Conferencia “Vida y obra del arquitecto Aníbal González Álvarez-Ossorio”, del Sr. D. Dr. Aníbal González Serrano.</p>
<p class="p1">IV. Apertura de Plicas del Concurso Científico de Premios del año 2024.</p>
<p class="p1">V. Clausura del acto por el Excmo. Sr. Presidente de la RAMSE.</p>
<p>Puede descargar la invitación en <a href="https://ramse.es/wordpress/wp-content/uploads/2024/12/CLAUSURA-CURSO-19-12-24.pdf" target="_blank" rel="noopener">este enlace</a>.</p>

<p>La Real Academia de Medicina y Cirugía de Sevilla tiene el honor de invitar a Vd. a la Sesión Pública y Extraordinaria que se celebrará el jueves 19 de diciembre de 2024, a las diecinueve horas, con motivo de la Clausura del 324 Curso Académico y que tendrá lugar en el Salón de Actos “Ramón y Cajal” de nuestra sede C/ Abades, 10, con arreglo a la siguiente programación: I. Apertura del acto a cargo del Excmo. Sr. Presidente de la RAMSE Dr. D. Carlos A. Infantes Alcón. II. Presentación del ponente a cargo del Ilmo. Sr. D. Felipe Martínez Alcalá, [&hellip;]</p>
