{"id":4841,"date":"2024-05-19T10:20:54","date_gmt":"2024-05-19T08:20:54","guid":{"rendered":"https:\/\/ramse.es\/wordpress\/?post_type=mec-events&#038;p=4841"},"modified":"2024-05-19T10:28:09","modified_gmt":"2024-05-19T08:28:09","slug":"catedra-mas-alimentacion-y-salud","status":"publish","type":"mec-events","link":"https:\/\/ramse.es\/wordpress\/eventos\/catedra-mas-alimentacion-y-salud\/","title":{"rendered":"C\u00e1tedra \u201cMAS Alimentaci\u00f3n y Salud\u201d"},"content":{"rendered":"<p class=\"p1\">D. Vicente Mart\u00edn Gonz\u00e1lez, Presidente de Fundaci\u00f3n MAS, y D. Carlos A. Infantes Alc\u00f3n, Presidente de la RAMSE, tienen el placer de invitarle a la presentaci\u00f3n de la C\u00e1tedra \u201cMAS Alimentaci\u00f3n y Salud\u201d.<\/p>\n<p class=\"p1\">El acto estar\u00e1 presidido por D\u00f1a. Catalina Garc\u00eda Carrasco, Consejera de Salud y Consumo de la Junta de Andaluc\u00eda.<\/p>\n<p class=\"p1\">La conferencia inaugural: \u201cAlimento, Salud y Cultura. El jam\u00f3n ib\u00e9rico en la salud\u201d, ser\u00e1 impartida por D. Carlos A. Infantes Alc\u00f3n, Presidente de la Real Academia de Medicina y Cirug\u00eda de Sevilla.<\/p>\n<p>&nbsp;<\/p>\n<p class=\"p3\"><span class=\"s1\">Fech<\/span>a: Lunes 20 de mayo de 2024<\/p>\n<p class=\"p4\"><span class=\"s2\">Hora<\/span>: 20:00 h<\/p>\n<p class=\"p4\">Lugar: Centro de Actividades de los Objetivos de Desarrollo Sostenible. Fundaci\u00f3n MAS. C\/ Torneo, 67. 41002 Sevilla<\/p>\n<p class=\"p1\">Descargar invitaci\u00f3n en <a href=\"https:\/\/ramse.es\/wordpress\/wp-content\/uploads\/2024\/05\/Invitacion-Catedra-MAS.pdf\" target=\"_blank\" rel=\"noopener\">este enlace<\/a>.<\/p>\n","protected":false},"excerpt":{"rendered":"<p>D. Vicente Mart\u00edn Gonz\u00e1lez, Presidente de Fundaci\u00f3n MAS, y D. Carlos A. Infantes Alc\u00f3n, Presidente de la RAMSE, tienen el placer de invitarle a la presentaci\u00f3n de la C\u00e1tedra \u201cMAS Alimentaci\u00f3n y Salud\u201d. El acto estar\u00e1 presidido por D\u00f1a. Catalina Garc\u00eda Carrasco, Consejera de Salud y Consumo de la Junta de Andaluc\u00eda. La conferencia inaugural: \u201cAlimento, Salud y Cultura. El jam\u00f3n ib\u00e9rico en la salud\u201d, ser\u00e1 impartida por D. Carlos A. Infantes Alc\u00f3n, Presidente de la Real Academia de Medicina y Cirug\u00eda de Sevilla. &nbsp; Fecha: Lunes 20 de mayo de 2024 Hora: 20:00 h Lugar: Centro de Actividades de los [&hellip;]<\/p>\n","protected":false},"author":4,"featured_media":4842,"comment_status":"open","ping_status":"closed","template":"","tags":[255,256],"mec_category":[254,98],"class_list":["post-4841","mec-events","type-mec-events","status-publish","has-post-thumbnail","hentry","tag-alimentacion-y-salud","tag-fundacion-mas","mec_category-catedra-mas-alimentacion-y-salud","mec_category-conferencia"],"_links":{"self":[{"href":"https:\/\/ramse.es\/wordpress\/wp-json\/wp\/v2\/mec-events\/4841","targetHints":{"allow":["GET"]}}],"collection":[{"href":"https:\/\/ramse.es\/wordpress\/wp-json\/wp\/v2\/mec-events"}],"about":[{"href":"https:\/\/ramse.es\/wordpress\/wp-json\/wp\/v2\/types\/mec-events"}],"author":[{"embeddable":true,"href":"https:\/\/ramse.es\/wordpress\/wp-json\/wp\/v2\/users\/4"}],"replies":[{"embeddable":true,"href":"https:\/\/ramse.es\/wordpress\/wp-json\/wp\/v2\/comments?post=4841"}],"wp:featuredmedia":[{"embeddable":true,"href":"https:\/\/ramse.es\/wordpress\/wp-json\/wp\/v2\/media\/4842"}],"wp:attachment":[{"href":"https:\/\/ramse.es\/wordpress\/wp-json\/wp\/v2\/media?parent=4841"}],"wp:term":[{"taxonomy":"post_tag","embeddable":true,"href":"https:\/\/ramse.es\/wordpress\/wp-json\/wp\/v2\/tags?post=4841"},{"taxonomy":"mec_category","embeddable":true,"href":"https:\/\/ramse.es\/wordpress\/wp-json\/wp\/v2\/mec_category?post=4841"}],"curies":[{"name":"wp","href":"https:\/\/api.w.org\/{rel}","templated":true}]}}

Cátedra “MAS Alimentación y Salud”

<p class="p1">D. Vicente Martín González, Presidente de Fundación MAS, y D. Carlos A. Infantes Alcón, Presidente de la RAMSE, tienen el placer de invitarle a la presentación de la Cátedra “MAS Alimentación y Salud”.</p>
<p class="p1">El acto estará presidido por Dña. Catalina García Carrasco, Consejera de Salud y Consumo de la Junta de Andalucía.</p>
<p class="p1">La conferencia inaugural: “Alimento, Salud y Cultura. El jamón ibérico en la salud”, será impartida por D. Carlos A. Infantes Alcón, Presidente de la Real Academia de Medicina y Cirugía de Sevilla.</p>
<p>&nbsp;</p>
<p class="p3"><span class="s1">Fech</span>a: Lunes 20 de mayo de 2024</p>
<p class="p4"><span class="s2">Hora</span>: 20:00 h</p>
<p class="p4">Lugar: Centro de Actividades de los Objetivos de Desarrollo Sostenible. Fundación MAS. C/ Torneo, 67. 41002 Sevilla</p>
<p class="p1">Descargar invitación en <a href="https://ramse.es/wordpress/wp-content/uploads/2024/05/Invitacion-Catedra-MAS.pdf" target="_blank" rel="noopener">este enlace</a>.</p>

<p>D. Vicente Martín González, Presidente de Fundación MAS, y D. Carlos A. Infantes Alcón, Presidente de la RAMSE, tienen el placer de invitarle a la presentación de la Cátedra “MAS Alimentación y Salud”. El acto estará presidido por Dña. Catalina García Carrasco, Consejera de Salud y Consumo de la Junta de Andalucía. La conferencia inaugural: “Alimento, Salud y Cultura. El jamón ibérico en la salud”, será impartida por D. Carlos A. Infantes Alcón, Presidente de la Real Academia de Medicina y Cirugía de Sevilla. &nbsp; Fecha: Lunes 20 de mayo de 2024 Hora: 20:00 h Lugar: Centro de Actividades de los [&hellip;]</p>
