{"id":4838,"date":"2024-05-19T10:06:06","date_gmt":"2024-05-19T08:06:06","guid":{"rendered":"https:\/\/ramse.es\/wordpress\/?post_type=mec-events&#038;p=4838"},"modified":"2024-05-19T10:07:53","modified_gmt":"2024-05-19T08:07:53","slug":"recepcion-academico-de-honor-d-valentin-fuster-carulla","status":"publish","type":"mec-events","link":"https:\/\/ramse.es\/wordpress\/eventos\/recepcion-academico-de-honor-d-valentin-fuster-carulla\/","title":{"rendered":"Recepci\u00f3n Acad\u00e9mico de Honor D. Valent\u00edn Fuster Carulla"},"content":{"rendered":"<p class=\"p1\"><span class=\"gmail_default\">La Real Academia de Medicina y Cirug\u00eda de Sevilla celebra en <\/span>Sesi\u00f3n P\u00fablica y Extraordinaria que se celebrar\u00e1 el jueves 16 de mayo de 2024, a las ocho de la tarde, y que tendr\u00e1 lugar en el Sal\u00f3n de Actos \u201cRam\u00f3n y Cajal\u201d de nuestra sede de C\/ Abades, 10, en la que se recibir\u00e1 como Acad\u00e9mico de Honor al:<\/p>\n<p class=\"p2\">Excmo. Sr. Dr. D. Valent\u00edn Fuster Carulla, quien leer\u00e1 su discurso de ingreso titulado: Reflexiones sobre \u201cprogreso tecnol\u00f3gico y humano\u201d y que ser\u00e1 presentado por el Acad\u00e9mico de N\u00famero Ilmo. Sr. Dr. D. Jos\u00e9 L\u00f3pez Barneo.<\/p>\n<p class=\"p1\">Clausurar\u00e1 el acto el Excmo. Sr. Presidente Dr. D. Carlos A. Infantes Alc\u00f3n.<\/p>\n<p class=\"p1\">Descargar invitaci\u00f3n en <a href=\"https:\/\/ramse.es\/wordpress\/wp-content\/uploads\/2024\/05\/Invitacion-Academico-Honor-Dr.-Fuster-2024.pdf\" target=\"_blank\" rel=\"noopener\">este enlace<\/a>.<\/p>\n<p>&nbsp;<\/p>\n","protected":false},"excerpt":{"rendered":"<p>La Real Academia de Medicina y Cirug\u00eda de Sevilla celebra en Sesi\u00f3n P\u00fablica y Extraordinaria que se celebrar\u00e1 el jueves 16 de mayo de 2024, a las ocho de la tarde, y que tendr\u00e1 lugar en el Sal\u00f3n de Actos \u201cRam\u00f3n y Cajal\u201d de nuestra sede de C\/ Abades, 10, en la que se recibir\u00e1 como Acad\u00e9mico de Honor al: Excmo. Sr. Dr. D. Valent\u00edn Fuster Carulla, quien leer\u00e1 su discurso de ingreso titulado: Reflexiones sobre \u201cprogreso tecnol\u00f3gico y humano\u201d y que ser\u00e1 presentado por el Acad\u00e9mico de N\u00famero Ilmo. Sr. Dr. D. Jos\u00e9 L\u00f3pez Barneo. Clausurar\u00e1 el acto el Excmo. [&hellip;]<\/p>\n","protected":false},"author":4,"featured_media":4839,"comment_status":"open","ping_status":"closed","template":"","tags":[252,249],"mec_category":[132],"class_list":["post-4838","mec-events","type-mec-events","status-publish","has-post-thumbnail","hentry","tag-academico-de-honor","tag-cardiologia","mec_category-academico-de-honor"],"_links":{"self":[{"href":"https:\/\/ramse.es\/wordpress\/wp-json\/wp\/v2\/mec-events\/4838","targetHints":{"allow":["GET"]}}],"collection":[{"href":"https:\/\/ramse.es\/wordpress\/wp-json\/wp\/v2\/mec-events"}],"about":[{"href":"https:\/\/ramse.es\/wordpress\/wp-json\/wp\/v2\/types\/mec-events"}],"author":[{"embeddable":true,"href":"https:\/\/ramse.es\/wordpress\/wp-json\/wp\/v2\/users\/4"}],"replies":[{"embeddable":true,"href":"https:\/\/ramse.es\/wordpress\/wp-json\/wp\/v2\/comments?post=4838"}],"wp:featuredmedia":[{"embeddable":true,"href":"https:\/\/ramse.es\/wordpress\/wp-json\/wp\/v2\/media\/4839"}],"wp:attachment":[{"href":"https:\/\/ramse.es\/wordpress\/wp-json\/wp\/v2\/media?parent=4838"}],"wp:term":[{"taxonomy":"post_tag","embeddable":true,"href":"https:\/\/ramse.es\/wordpress\/wp-json\/wp\/v2\/tags?post=4838"},{"taxonomy":"mec_category","embeddable":true,"href":"https:\/\/ramse.es\/wordpress\/wp-json\/wp\/v2\/mec_category?post=4838"}],"curies":[{"name":"wp","href":"https:\/\/api.w.org\/{rel}","templated":true}]}}

Recepción Académico de Honor D. Valentín Fuster Carulla

<p class="p1"><span class="gmail_default">La Real Academia de Medicina y Cirugía de Sevilla celebra en </span>Sesión Pública y Extraordinaria que se celebrará el jueves 16 de mayo de 2024, a las ocho de la tarde, y que tendrá lugar en el Salón de Actos “Ramón y Cajal” de nuestra sede de C/ Abades, 10, en la que se recibirá como Académico de Honor al:</p>
<p class="p2">Excmo. Sr. Dr. D. Valentín Fuster Carulla, quien leerá su discurso de ingreso titulado: Reflexiones sobre “progreso tecnológico y humano” y que será presentado por el Académico de Número Ilmo. Sr. Dr. D. José López Barneo.</p>
<p class="p1">Clausurará el acto el Excmo. Sr. Presidente Dr. D. Carlos A. Infantes Alcón.</p>
<p class="p1">Descargar invitación en <a href="https://ramse.es/wordpress/wp-content/uploads/2024/05/Invitacion-Academico-Honor-Dr.-Fuster-2024.pdf" target="_blank" rel="noopener">este enlace</a>.</p>
<p>&nbsp;</p>

<p>La Real Academia de Medicina y Cirugía de Sevilla celebra en Sesión Pública y Extraordinaria que se celebrará el jueves 16 de mayo de 2024, a las ocho de la tarde, y que tendrá lugar en el Salón de Actos “Ramón y Cajal” de nuestra sede de C/ Abades, 10, en la que se recibirá como Académico de Honor al: Excmo. Sr. Dr. D. Valentín Fuster Carulla, quien leerá su discurso de ingreso titulado: Reflexiones sobre “progreso tecnológico y humano” y que será presentado por el Académico de Número Ilmo. Sr. Dr. D. José López Barneo. Clausurará el acto el Excmo. [&hellip;]</p>
