{"id":4646,"date":"2024-01-30T16:50:42","date_gmt":"2024-01-30T14:50:42","guid":{"rendered":"https:\/\/ramse.es\/wordpress\/?post_type=mec-events&#038;p=4646"},"modified":"2024-01-30T16:50:42","modified_gmt":"2024-01-30T14:50:42","slug":"mesa-redonda-juridico-moral-sanitaria-153","status":"publish","type":"mec-events","link":"https:\/\/ramse.es\/wordpress\/eventos\/mesa-redonda-juridico-moral-sanitaria-153\/","title":{"rendered":"Entrega del premio Antonio Hermosilla Molina"},"content":{"rendered":"<p class=\"p2\"><span class=\"s1\"><span class=\"Apple-converted-space\">\u00a0<\/span><\/span>El Presidente del Excmo. Ateneo de Sevilla y El Presidente de la Real Academia de Medicina y Cirug\u00eda de Sevilla<span class=\"Apple-converted-space\">\u00a0<\/span>tiene el gusto de invitarle a la entrega del<span class=\"Apple-converted-space\">\u00a0<\/span>premio Dr. Antonio Hermosilla Molina<span class=\"Apple-converted-space\">\u00a0<\/span><\/p>\n<p class=\"p2\"><b>a la biograf\u00eda del Dr. Ismael Yebra Sotillo<span class=\"Apple-converted-space\">\u00a0<\/span><\/b><b>\u201cDesde la piel al alma, Ismael Yebra Sotillo, una biograf\u00eda\u201d,<span class=\"Apple-converted-space\">\u00a0<\/span><\/b>de su autor el Dr. D. Francisco Gallardo Rodr\u00edguez<span class=\"Apple-converted-space\">\u00a0<\/span><\/p>\n<p class=\"p2\">Introducci\u00f3n: Ilmo. Sr. Dr. Jorge Dom\u00ednguez-Rodi\u00f1o S\u00e1nchez-Laulh\u00e9,<span class=\"Apple-converted-space\">\u00a0<\/span>Acad\u00e9mico de N\u00famero de la Real Academia de Medicina y Cirug\u00eda de Sevilla<span class=\"Apple-converted-space\">\u00a0<\/span><\/p>\n<p class=\"p2\">Intervienen D. Jos\u00e9 P\u00e9rez Bernal, Vocal de Medicina y Ciencias Afines del Ateneo y<span class=\"Apple-converted-space\">\u00a0<\/span>D. Fernando Fabiani Romero, Secretario General del Ateneo<span class=\"Apple-converted-space\">\u00a0<\/span><\/p>\n<p class=\"p2\">Clausura del acto por los presidentes del<span class=\"Apple-converted-space\">\u00a0<\/span>Excmo. Ateneo de Sevilla y de la Real Academia de Medicina y Cirug\u00eda de Sevilla<span class=\"Apple-converted-space\">\u00a0<\/span>D. Emilio Boja Malav\u00e9 y D. Carlos Infante Alc\u00f3n<span class=\"Apple-converted-space\">\u00a0<\/span><\/p>\n<p class=\"p1\">Descargar invitaci\u00f3n en <a href=\"https:\/\/ramse.es\/wordpress\/wp-content\/uploads\/2024\/01\/Entrega-Premio-A.-Hermosilla-7-feb-2.pdf\" target=\"_blank\" rel=\"noopener\">este enlace<\/a>.<\/p>\n<p>&nbsp;<\/p>\n<p>&nbsp;<\/p>\n<p>&nbsp;<\/p>\n","protected":false},"excerpt":{"rendered":"<p>\u00a0El Presidente del Excmo. Ateneo de Sevilla y El Presidente de la Real Academia de Medicina y Cirug\u00eda de Sevilla\u00a0tiene el gusto de invitarle a la entrega del\u00a0premio Dr. Antonio Hermosilla Molina\u00a0 a la biograf\u00eda del Dr. Ismael Yebra Sotillo\u00a0\u201cDesde la piel al alma, Ismael Yebra Sotillo, una biograf\u00eda\u201d,\u00a0de su autor el Dr. D. Francisco Gallardo Rodr\u00edguez\u00a0 Introducci\u00f3n: Ilmo. Sr. Dr. Jorge Dom\u00ednguez-Rodi\u00f1o S\u00e1nchez-Laulh\u00e9,\u00a0Acad\u00e9mico de N\u00famero de la Real Academia de Medicina y Cirug\u00eda de Sevilla\u00a0 Intervienen D. Jos\u00e9 P\u00e9rez Bernal, Vocal de Medicina y Ciencias Afines del Ateneo y\u00a0D. Fernando Fabiani Romero, Secretario General del Ateneo\u00a0 Clausura del acto por [&hellip;]<\/p>\n","protected":false},"author":4,"featured_media":4647,"comment_status":"open","ping_status":"closed","template":"","tags":[227,226],"mec_category":[66,73],"class_list":["post-4646","mec-events","type-mec-events","status-publish","has-post-thumbnail","hentry","tag-ateneo","tag-entrega-de-premio","mec_category-acto-academico","mec_category-mesa-redonda"],"_links":{"self":[{"href":"https:\/\/ramse.es\/wordpress\/wp-json\/wp\/v2\/mec-events\/4646","targetHints":{"allow":["GET"]}}],"collection":[{"href":"https:\/\/ramse.es\/wordpress\/wp-json\/wp\/v2\/mec-events"}],"about":[{"href":"https:\/\/ramse.es\/wordpress\/wp-json\/wp\/v2\/types\/mec-events"}],"author":[{"embeddable":true,"href":"https:\/\/ramse.es\/wordpress\/wp-json\/wp\/v2\/users\/4"}],"replies":[{"embeddable":true,"href":"https:\/\/ramse.es\/wordpress\/wp-json\/wp\/v2\/comments?post=4646"}],"wp:featuredmedia":[{"embeddable":true,"href":"https:\/\/ramse.es\/wordpress\/wp-json\/wp\/v2\/media\/4647"}],"wp:attachment":[{"href":"https:\/\/ramse.es\/wordpress\/wp-json\/wp\/v2\/media?parent=4646"}],"wp:term":[{"taxonomy":"post_tag","embeddable":true,"href":"https:\/\/ramse.es\/wordpress\/wp-json\/wp\/v2\/tags?post=4646"},{"taxonomy":"mec_category","embeddable":true,"href":"https:\/\/ramse.es\/wordpress\/wp-json\/wp\/v2\/mec_category?post=4646"}],"curies":[{"name":"wp","href":"https:\/\/api.w.org\/{rel}","templated":true}]}}

<p class="p2"><span class="s1"><span class="Apple-converted-space"> </span></span>El Presidente del Excmo. Ateneo de Sevilla y El Presidente de la Real Academia de Medicina y Cirugía de Sevilla<span class="Apple-converted-space"> </span>tiene el gusto de invitarle a la entrega del<span class="Apple-converted-space"> </span>premio Dr. Antonio Hermosilla Molina<span class="Apple-converted-space"> </span></p>
<p class="p2"><b>a la biografía del Dr. Ismael Yebra Sotillo<span class="Apple-converted-space"> </span></b><b>“Desde la piel al alma, Ismael Yebra Sotillo, una biografía”,<span class="Apple-converted-space"> </span></b>de su autor el Dr. D. Francisco Gallardo Rodríguez<span class="Apple-converted-space"> </span></p>
<p class="p2">Introducción: Ilmo. Sr. Dr. Jorge Domínguez-Rodiño Sánchez-Laulhé,<span class="Apple-converted-space"> </span>Académico de Número de la Real Academia de Medicina y Cirugía de Sevilla<span class="Apple-converted-space"> </span></p>
<p class="p2">Intervienen D. José Pérez Bernal, Vocal de Medicina y Ciencias Afines del Ateneo y<span class="Apple-converted-space"> </span>D. Fernando Fabiani Romero, Secretario General del Ateneo<span class="Apple-converted-space"> </span></p>
<p class="p2">Clausura del acto por los presidentes del<span class="Apple-converted-space"> </span>Excmo. Ateneo de Sevilla y de la Real Academia de Medicina y Cirugía de Sevilla<span class="Apple-converted-space"> </span>D. Emilio Boja Malavé y D. Carlos Infante Alcón<span class="Apple-converted-space"> </span></p>
<p class="p1">Descargar invitación en <a href="https://ramse.es/wordpress/wp-content/uploads/2024/01/Entrega-Premio-A.-Hermosilla-7-feb-2.pdf" target="_blank" rel="noopener">este enlace</a>.</p>
<p>&nbsp;</p>
<p>&nbsp;</p>
<p>&nbsp;</p>

<p> El Presidente del Excmo. Ateneo de Sevilla y El Presidente de la Real Academia de Medicina y Cirugía de Sevilla tiene el gusto de invitarle a la entrega del premio Dr. Antonio Hermosilla Molina  a la biografía del Dr. Ismael Yebra Sotillo “Desde la piel al alma, Ismael Yebra Sotillo, una biografía”, de su autor el Dr. D. Francisco Gallardo Rodríguez  Introducción: Ilmo. Sr. Dr. Jorge Domínguez-Rodiño Sánchez-Laulhé, Académico de Número de la Real Academia de Medicina y Cirugía de Sevilla  Intervienen D. José Pérez Bernal, Vocal de Medicina y Ciencias Afines del Ateneo y D. Fernando Fabiani Romero, Secretario General del Ateneo  Clausura del acto por [&hellip;]</p>
