{"id":4640,"date":"2024-01-25T11:48:03","date_gmt":"2024-01-25T09:48:03","guid":{"rendered":"https:\/\/ramse.es\/wordpress\/?post_type=mec-events&#038;p=4640"},"modified":"2024-01-25T11:48:53","modified_gmt":"2024-01-25T09:48:53","slug":"mesa-redonda-juridico-moral-sanitaria","status":"publish","type":"mec-events","link":"https:\/\/ramse.es\/wordpress\/eventos\/mesa-redonda-juridico-moral-sanitaria\/","title":{"rendered":"Mesa Redonda Jur\u00eddico\/Moral\/Sanitaria"},"content":{"rendered":"<p class=\"p1\">La mesa redonda se celebrar\u00e1 el martes 6 de febrero de 2024, a las siete de la tarde, en el Sal\u00f3n de Actos \u201cRam\u00f3n y Cajal\u201d de la sede de la RAMSE C\/ Abades, 10.<\/p>\n<h4 class=\"p1\"><strong>Mesa Redonda Jur\u00eddico\/Moral\/Sanitaria: Responsabilidad, negligencia y culpabilidad: riesgos de la medicina defensiva<\/strong><\/h4>\n<p class=\"p1\">Moderador:<\/p>\n<p class=\"p2\">D. Carlos A. Infantes Alc\u00f3n<\/p>\n<p class=\"p1\">Ponentes:<\/p>\n<p class=\"p2\">D. Alfonso Carmona Mart\u00ednez<\/p>\n<p class=\"p2\">D. Jaime Boceta Osuna<\/p>\n<p class=\"p2\">D. Rogelio Garrido Teruel<\/p>\n<p class=\"p2\">D. Francisco Baena Bocanegra<\/p>\n<p class=\"p2\">D. Joaqu\u00edn Moeckel Gil<\/p>\n<p class=\"p1\">Interlocutores:<\/p>\n<p class=\"p2\">D. Jos\u00e9 Antonio Dur\u00e1n Quintana<\/p>\n<p class=\"p2\">D. Jos\u00e9 Antonio Mil\u00e1n Mart\u00edn<\/p>\n<p class=\"p1\">Descargar invitaci\u00f3n en <a href=\"https:\/\/ramse.es\/wordpress\/wp-content\/uploads\/2024\/01\/MR.-Jurisprudencia-6-2-24.pdf\" target=\"_blank\" rel=\"noopener\">este enlace.<\/a><\/p>\n<p>&nbsp;<\/p>\n<p>&nbsp;<\/p>\n<p>&nbsp;<\/p>\n","protected":false},"excerpt":{"rendered":"<p>La mesa redonda se celebrar\u00e1 el martes 6 de febrero de 2024, a las siete de la tarde, en el Sal\u00f3n de Actos \u201cRam\u00f3n y Cajal\u201d de la sede de la RAMSE C\/ Abades, 10. Mesa Redonda Jur\u00eddico\/Moral\/Sanitaria: Responsabilidad, negligencia y culpabilidad: riesgos de la medicina defensiva Moderador: D. Carlos A. Infantes Alc\u00f3n Ponentes: D. Alfonso Carmona Mart\u00ednez D. Jaime Boceta Osuna D. Rogelio Garrido Teruel D. Francisco Baena Bocanegra D. Joaqu\u00edn Moeckel Gil Interlocutores: D. Jos\u00e9 Antonio Dur\u00e1n Quintana D. Jos\u00e9 Antonio Mil\u00e1n Mart\u00edn Descargar invitaci\u00f3n en este enlace. &nbsp; &nbsp; &nbsp;<\/p>\n","protected":false},"author":4,"featured_media":4641,"comment_status":"open","ping_status":"closed","template":"","tags":[190,192,191,193],"mec_category":[73],"class_list":["post-4640","mec-events","type-mec-events","status-publish","has-post-thumbnail","hentry","tag-mesa-redonda","tag-pandemia","tag-salud-mental","tag-suicidio","mec_category-mesa-redonda"],"_links":{"self":[{"href":"https:\/\/ramse.es\/wordpress\/wp-json\/wp\/v2\/mec-events\/4640","targetHints":{"allow":["GET"]}}],"collection":[{"href":"https:\/\/ramse.es\/wordpress\/wp-json\/wp\/v2\/mec-events"}],"about":[{"href":"https:\/\/ramse.es\/wordpress\/wp-json\/wp\/v2\/types\/mec-events"}],"author":[{"embeddable":true,"href":"https:\/\/ramse.es\/wordpress\/wp-json\/wp\/v2\/users\/4"}],"replies":[{"embeddable":true,"href":"https:\/\/ramse.es\/wordpress\/wp-json\/wp\/v2\/comments?post=4640"}],"wp:featuredmedia":[{"embeddable":true,"href":"https:\/\/ramse.es\/wordpress\/wp-json\/wp\/v2\/media\/4641"}],"wp:attachment":[{"href":"https:\/\/ramse.es\/wordpress\/wp-json\/wp\/v2\/media?parent=4640"}],"wp:term":[{"taxonomy":"post_tag","embeddable":true,"href":"https:\/\/ramse.es\/wordpress\/wp-json\/wp\/v2\/tags?post=4640"},{"taxonomy":"mec_category","embeddable":true,"href":"https:\/\/ramse.es\/wordpress\/wp-json\/wp\/v2\/mec_category?post=4640"}],"curies":[{"name":"wp","href":"https:\/\/api.w.org\/{rel}","templated":true}]}}

Mesa Redonda Jurídico/Moral/Sanitaria

<p class="p1">La mesa redonda se celebrará el martes 6 de febrero de 2024, a las siete de la tarde, en el Salón de Actos “Ramón y Cajal” de la sede de la RAMSE C/ Abades, 10.</p>
<h4 class="p1"><strong>Mesa Redonda Jurídico/Moral/Sanitaria: Responsabilidad, negligencia y culpabilidad: riesgos de la medicina defensiva</strong></h4>
<p class="p1">Moderador:</p>
<p class="p2">D. Carlos A. Infantes Alcón</p>
<p class="p1">Ponentes:</p>
<p class="p2">D. Alfonso Carmona Martínez</p>
<p class="p2">D. Jaime Boceta Osuna</p>
<p class="p2">D. Rogelio Garrido Teruel</p>
<p class="p2">D. Francisco Baena Bocanegra</p>
<p class="p2">D. Joaquín Moeckel Gil</p>
<p class="p1">Interlocutores:</p>
<p class="p2">D. José Antonio Durán Quintana</p>
<p class="p2">D. José Antonio Milán Martín</p>
<p class="p1">Descargar invitación en <a href="https://ramse.es/wordpress/wp-content/uploads/2024/01/MR.-Jurisprudencia-6-2-24.pdf" target="_blank" rel="noopener">este enlace.</a></p>
<p>&nbsp;</p>
<p>&nbsp;</p>
<p>&nbsp;</p>

<p>La mesa redonda se celebrará el martes 6 de febrero de 2024, a las siete de la tarde, en el Salón de Actos “Ramón y Cajal” de la sede de la RAMSE C/ Abades, 10. Mesa Redonda Jurídico/Moral/Sanitaria: Responsabilidad, negligencia y culpabilidad: riesgos de la medicina defensiva Moderador: D. Carlos A. Infantes Alcón Ponentes: D. Alfonso Carmona Martínez D. Jaime Boceta Osuna D. Rogelio Garrido Teruel D. Francisco Baena Bocanegra D. Joaquín Moeckel Gil Interlocutores: D. José Antonio Durán Quintana D. José Antonio Milán Martín Descargar invitación en este enlace. &nbsp; &nbsp; &nbsp;</p>
