{"id":4575,"date":"2023-10-20T19:26:43","date_gmt":"2023-10-20T17:26:43","guid":{"rendered":"https:\/\/ramse.es\/wordpress\/?post_type=mec-events&#038;p=4575"},"modified":"2023-10-26T20:16:47","modified_gmt":"2023-10-26T18:16:47","slug":"recepcion-academicos-correspondientes-dr-diaz-dr-de-la-portilla-y-dra-sanchez-matamoros-26-octubre-2023","status":"publish","type":"mec-events","link":"https:\/\/ramse.es\/wordpress\/eventos\/recepcion-academicos-correspondientes-dr-diaz-dr-de-la-portilla-y-dra-sanchez-matamoros-26-octubre-2023\/","title":{"rendered":"Recepci\u00f3n Acad\u00e9micos Correspondientes: Dr. D\u00edaz, Dr. De la Portilla y Dra. S\u00e1nchez-Matamoros. 26 octubre 2023"},"content":{"rendered":"<p class=\"p1\">El d\u00eda 26 de octubre del presente a\u00f1o, la Real Academia de Medicina y Cirug\u00eda de Sevilla celebrar\u00e1 sesi\u00f3n solemne para la recepci\u00f3n de Acad\u00e9micos Correspondientes con el siguiente programa:<\/p>\n<p class=\"p1\">Dr. D. Daniel D\u00edaz G\u00f3mez. Tema: \u201cInfluencia del abordaje multidisciplinar en el pron\u00f3stico del c\u00e1ncer diseminado: del tratamiento paliativo a una esperanza real de larga supervivencia\u201d. Ser\u00e1 presentada por el Acad\u00e9mico de N\u00famero Ilmo. Sr. Dr. D. Jes\u00fas Loscertales Abril.<\/p>\n<p class=\"p1\">Dr. D. Fernando de la Portilla de Juan. Tema:\u201cDe la superstici\u00f3n a la revelaci\u00f3n en la cirug\u00eda a trav\u00e9s de dos obras maestras\u201d. Ser\u00e1 presentada por el Acad\u00e9mico de N\u00famero Ilmo. Sr. Dr. D. Hugo Galera Ruiz.<\/p>\n<p class=\"p1\">Dra. D\u00f1a. Inmaculada S\u00e1nchez-Matamoros Mart\u00edn. Tema:\u201cEpigenoma, nuestro aliado contra el c\u00e1ncer de p\u00e1ncreas\u201d. Ser\u00e1 presentada por el Acad\u00e9mico de N\u00famero Ilmo. Sr. Dr. D. Jos\u00e9 Cantillana Mart\u00ednez.<\/p>\n<p class=\"p1\">Al finalizar las exposiciones, el Excmo. Sr. Presidente, les impondr\u00e1 la Medalla Acad\u00e9mica y les entregar\u00e1 el Diploma acreditativo.<\/p>\n<p class=\"p1\">Clausurar\u00e1 el acto el Excmo. Sr. Presidente Dr. D. Carlos A. Infantes Alc\u00f3n.<\/p>\n<p class=\"p1\">Descargar invitaci\u00f3n en este enlace.<\/p>\n<p>&nbsp;<\/p>\n<p>&nbsp;<\/p>\n","protected":false},"excerpt":{"rendered":"<p>El d\u00eda 26 de octubre del presente a\u00f1o, la Real Academia de Medicina y Cirug\u00eda de Sevilla celebrar\u00e1 sesi\u00f3n solemne para la recepci\u00f3n de Acad\u00e9micos Correspondientes con el siguiente programa: Dr. D. Daniel D\u00edaz G\u00f3mez. Tema: \u201cInfluencia del abordaje multidisciplinar en el pron\u00f3stico del c\u00e1ncer diseminado: del tratamiento paliativo a una esperanza real de larga supervivencia\u201d. Ser\u00e1 presentada por el Acad\u00e9mico de N\u00famero Ilmo. Sr. Dr. D. Jes\u00fas Loscertales Abril. Dr. D. Fernando de la Portilla de Juan. Tema:\u201cDe la superstici\u00f3n a la revelaci\u00f3n en la cirug\u00eda a trav\u00e9s de dos obras maestras\u201d. Ser\u00e1 presentada por el Acad\u00e9mico de N\u00famero Ilmo. [&hellip;]<\/p>\n","protected":false},"author":4,"featured_media":4576,"comment_status":"open","ping_status":"closed","template":"","tags":[201],"mec_category":[65,66],"class_list":["post-4575","mec-events","type-mec-events","status-publish","has-post-thumbnail","hentry","tag-academicos-correspondientes","mec_category-academicos-correspondientes","mec_category-acto-academico"],"_links":{"self":[{"href":"https:\/\/ramse.es\/wordpress\/wp-json\/wp\/v2\/mec-events\/4575","targetHints":{"allow":["GET"]}}],"collection":[{"href":"https:\/\/ramse.es\/wordpress\/wp-json\/wp\/v2\/mec-events"}],"about":[{"href":"https:\/\/ramse.es\/wordpress\/wp-json\/wp\/v2\/types\/mec-events"}],"author":[{"embeddable":true,"href":"https:\/\/ramse.es\/wordpress\/wp-json\/wp\/v2\/users\/4"}],"replies":[{"embeddable":true,"href":"https:\/\/ramse.es\/wordpress\/wp-json\/wp\/v2\/comments?post=4575"}],"wp:featuredmedia":[{"embeddable":true,"href":"https:\/\/ramse.es\/wordpress\/wp-json\/wp\/v2\/media\/4576"}],"wp:attachment":[{"href":"https:\/\/ramse.es\/wordpress\/wp-json\/wp\/v2\/media?parent=4575"}],"wp:term":[{"taxonomy":"post_tag","embeddable":true,"href":"https:\/\/ramse.es\/wordpress\/wp-json\/wp\/v2\/tags?post=4575"},{"taxonomy":"mec_category","embeddable":true,"href":"https:\/\/ramse.es\/wordpress\/wp-json\/wp\/v2\/mec_category?post=4575"}],"curies":[{"name":"wp","href":"https:\/\/api.w.org\/{rel}","templated":true}]}}

Recepción Académicos Correspondientes: Dr. Díaz, Dr. De la Portilla y Dra. Sánchez-Matamoros. 26 octubre 2023

<p class="p1">El día 26 de octubre del presente año, la Real Academia de Medicina y Cirugía de Sevilla celebrará sesión solemne para la recepción de Académicos Correspondientes con el siguiente programa:</p>
<p class="p1">Dr. D. Daniel Díaz Gómez. Tema: “Influencia del abordaje multidisciplinar en el pronóstico del cáncer diseminado: del tratamiento paliativo a una esperanza real de larga supervivencia”. Será presentada por el Académico de Número Ilmo. Sr. Dr. D. Jesús Loscertales Abril.</p>
<p class="p1">Dr. D. Fernando de la Portilla de Juan. Tema:“De la superstición a la revelación en la cirugía a través de dos obras maestras”. Será presentada por el Académico de Número Ilmo. Sr. Dr. D. Hugo Galera Ruiz.</p>
<p class="p1">Dra. Dña. Inmaculada Sánchez-Matamoros Martín. Tema:“Epigenoma, nuestro aliado contra el cáncer de páncreas”. Será presentada por el Académico de Número Ilmo. Sr. Dr. D. José Cantillana Martínez.</p>
<p class="p1">Al finalizar las exposiciones, el Excmo. Sr. Presidente, les impondrá la Medalla Académica y les entregará el Diploma acreditativo.</p>
<p class="p1">Clausurará el acto el Excmo. Sr. Presidente Dr. D. Carlos A. Infantes Alcón.</p>
<p class="p1">Descargar invitación en este enlace.</p>
<p>&nbsp;</p>
<p>&nbsp;</p>

<p>El día 26 de octubre del presente año, la Real Academia de Medicina y Cirugía de Sevilla celebrará sesión solemne para la recepción de Académicos Correspondientes con el siguiente programa: Dr. D. Daniel Díaz Gómez. Tema: “Influencia del abordaje multidisciplinar en el pronóstico del cáncer diseminado: del tratamiento paliativo a una esperanza real de larga supervivencia”. Será presentada por el Académico de Número Ilmo. Sr. Dr. D. Jesús Loscertales Abril. Dr. D. Fernando de la Portilla de Juan. Tema:“De la superstición a la revelación en la cirugía a través de dos obras maestras”. Será presentada por el Académico de Número Ilmo. [&hellip;]</p>
