{"id":4536,"date":"2023-10-05T21:08:45","date_gmt":"2023-10-05T19:08:45","guid":{"rendered":"https:\/\/ramse.es\/wordpress\/?post_type=mec-events&#038;p=4536"},"modified":"2023-10-06T11:54:42","modified_gmt":"2023-10-06T09:54:42","slug":"miembro-de-honor-de-la-fundacion-d-joaquin-guillermo-moeckel-gil","status":"publish","type":"mec-events","link":"https:\/\/ramse.es\/wordpress\/eventos\/miembro-de-honor-de-la-fundacion-d-joaquin-guillermo-moeckel-gil\/","title":{"rendered":"Miembro de Honor de la Fundaci\u00f3n D. Joaqu\u00edn Guillermo Moeckel Gil"},"content":{"rendered":"<p class=\"p1\"><span class=\"gmail_default\">La Fundaci\u00f3n de la Real Academia de Medicina y Cirug\u00eda de Sevilla le invita al <\/span>acto de nombramiento como Miembro de Honor de la Fundaci\u00f3n del<\/p>\n<p class=\"p2\" style=\"text-align: center;\"><strong>Ilmo. Sr. D. Joaqu\u00edn Guillermo Moeckel Gil<\/strong><\/p>\n<p class=\"p1\">y que ser\u00e1 presentado por el Ilmo. Sr. Acad\u00e9mico de N\u00famero Dr. D. Alberto Garc\u00eda-Perla Garc\u00eda.<\/p>\n<p class=\"p1\">Clausurar\u00e1 el acto el Excmo. Sr. Presidente Dr. D. Carlos A. Infantes Alc\u00f3n.<\/p>\n<p class=\"p1\">Descargar invitaci\u00f3n en <a href=\"https:\/\/ramse.es\/wordpress\/wp-content\/uploads\/2023\/10\/Invitacion-Miembro-Honor-Fundacion-21-10-23.pdf\" target=\"_blank\" rel=\"noopener\">este enlace<\/a>.<\/p>\n","protected":false},"excerpt":{"rendered":"<p>La Fundaci\u00f3n de la Real Academia de Medicina y Cirug\u00eda de Sevilla le invita al acto de nombramiento como Miembro de Honor de la Fundaci\u00f3n del Ilmo. Sr. D. Joaqu\u00edn Guillermo Moeckel Gil y que ser\u00e1 presentado por el Ilmo. Sr. Acad\u00e9mico de N\u00famero Dr. D. Alberto Garc\u00eda-Perla Garc\u00eda. Clausurar\u00e1 el acto el Excmo. Sr. Presidente Dr. D. Carlos A. Infantes Alc\u00f3n. Descargar invitaci\u00f3n en este enlace.<\/p>\n","protected":false},"author":4,"featured_media":4540,"comment_status":"open","ping_status":"closed","template":"","tags":[208],"mec_category":[],"class_list":["post-4536","mec-events","type-mec-events","status-publish","has-post-thumbnail","hentry","tag-miembro-de-honor"],"_links":{"self":[{"href":"https:\/\/ramse.es\/wordpress\/wp-json\/wp\/v2\/mec-events\/4536","targetHints":{"allow":["GET"]}}],"collection":[{"href":"https:\/\/ramse.es\/wordpress\/wp-json\/wp\/v2\/mec-events"}],"about":[{"href":"https:\/\/ramse.es\/wordpress\/wp-json\/wp\/v2\/types\/mec-events"}],"author":[{"embeddable":true,"href":"https:\/\/ramse.es\/wordpress\/wp-json\/wp\/v2\/users\/4"}],"replies":[{"embeddable":true,"href":"https:\/\/ramse.es\/wordpress\/wp-json\/wp\/v2\/comments?post=4536"}],"wp:featuredmedia":[{"embeddable":true,"href":"https:\/\/ramse.es\/wordpress\/wp-json\/wp\/v2\/media\/4540"}],"wp:attachment":[{"href":"https:\/\/ramse.es\/wordpress\/wp-json\/wp\/v2\/media?parent=4536"}],"wp:term":[{"taxonomy":"post_tag","embeddable":true,"href":"https:\/\/ramse.es\/wordpress\/wp-json\/wp\/v2\/tags?post=4536"},{"taxonomy":"mec_category","embeddable":true,"href":"https:\/\/ramse.es\/wordpress\/wp-json\/wp\/v2\/mec_category?post=4536"}],"curies":[{"name":"wp","href":"https:\/\/api.w.org\/{rel}","templated":true}]}}

Miembro de Honor de la Fundación D. Joaquín Guillermo Moeckel Gil

<p class="p1"><span class="gmail_default">La Fundación de la Real Academia de Medicina y Cirugía de Sevilla le invita al </span>acto de nombramiento como Miembro de Honor de la Fundación del</p>
<p class="p2" style="text-align: center;"><strong>Ilmo. Sr. D. Joaquín Guillermo Moeckel Gil</strong></p>
<p class="p1">y que será presentado por el Ilmo. Sr. Académico de Número Dr. D. Alberto García-Perla García.</p>
<p class="p1">Clausurará el acto el Excmo. Sr. Presidente Dr. D. Carlos A. Infantes Alcón.</p>
<p class="p1">Descargar invitación en <a href="https://ramse.es/wordpress/wp-content/uploads/2023/10/Invitacion-Miembro-Honor-Fundacion-21-10-23.pdf" target="_blank" rel="noopener">este enlace</a>.</p>

<p>La Fundación de la Real Academia de Medicina y Cirugía de Sevilla le invita al acto de nombramiento como Miembro de Honor de la Fundación del Ilmo. Sr. D. Joaquín Guillermo Moeckel Gil y que será presentado por el Ilmo. Sr. Académico de Número Dr. D. Alberto García-Perla García. Clausurará el acto el Excmo. Sr. Presidente Dr. D. Carlos A. Infantes Alcón. Descargar invitación en este enlace.</p>
