{"id":4521,"date":"2023-09-25T10:58:41","date_gmt":"2023-09-25T08:58:41","guid":{"rendered":"https:\/\/ramse.es\/wordpress\/?post_type=mec-events&#038;p=4521"},"modified":"2023-09-25T11:48:23","modified_gmt":"2023-09-25T09:48:23","slug":"mesa-redonda-entorno-social-y-nutricion-en-pediatria","status":"publish","type":"mec-events","link":"https:\/\/ramse.es\/wordpress\/eventos\/mesa-redonda-entorno-social-y-nutricion-en-pediatria\/","title":{"rendered":"Mesa Redonda: Entorno social y nutrici\u00f3n en Pediatr\u00eda"},"content":{"rendered":"<p class=\"p1\">La mesa redonda se celebrar\u00e1 el jueves 29 de junio de 2023, a las ocho de la tarde, en el Sal\u00f3n de Actos \u201cRam\u00f3n y Cajal\u201d de la sede de la RAMSE C\/ Abades, 10.<\/p>\n<p class=\"p1\"><strong>Mesa Redonda: Entorno social y nutrici\u00f3n en Pediatr\u00eda<\/strong><\/p>\n<p class=\"p1\">El acto est\u00e1 organizado por el Ilustre Colegio de M\u00e9dicos de Sevilla y la Real Academia de Medicina y Cirug\u00eda de Sevilla.<\/p>\n<p class=\"p1\">Moderador del Acto:<\/p>\n<p class=\"p2\">Ilmo. Sr. Dr. D. Federico Argu\u0308elles Mart\u00edn. Secretario General de RAMSE. Profesor titular de Pediatr\u00eda de la Universidad de Sevilla.<\/p>\n<p class=\"p1\">Intervienen:<\/p>\n<p class=\"p2\">Dr. D. Andr\u00e9s Rodr\u00edguez-Sacrist\u00e1n Cascajo. Profesor de Pediatr\u00eda, Facultad de Medicina. Universidad de Sevilla. Neuropediatra. Vicepresidente 1\u00ba RICOMS.<\/p>\n<p class=\"p1\">Tema: \u201cDesarrollo neurobiol\u00f3gico, nutrici\u00f3n infantil y Atenci\u00f3n Temprana en el contexto de eventos adversos en la infancia\u201d<\/p>\n<p class=\"p2\">Dr. D. Manuel Sobrino Toro. Profesor de Pediatr\u00eda, director del Dpto. de Farmacolog\u00eda, Pediatr\u00eda y Radiolog\u00eda. Facultad de Medicina. Universidad de Sevilla.<\/p>\n<p class=\"p1\">Tema: \u201cAlimentaci\u00f3n en los primeros a\u00f1os de la vida en entornos de pobreza: riesgos y acciones preventivas\u201d<\/p>\n<p class=\"p2\">Dr. D. Antonio Mill\u00e1n Jim\u00e9nez. Profesor de Pediatr\u00eda, Facultad de Medicina. Universidad de Sevilla. Presidente de la Fundaci\u00f3n Gota de Leche.<\/p>\n<p class=\"p1\">Tema: \u201cNutrici\u00f3n en la adolescencia: nuevos retos en nuestro contexto social\u201d<\/p>\n<p class=\"p3\">Debate y cierre de la mesa redonda.<\/p>\n<p class=\"p1\">El Excmo. Sr. D. Carlos Infantes Alc\u00f3n, presidente de la Real Academia de Medicina y Cirug\u00eda de Sevilla, clausurar\u00e1 el acto.<\/p>\n<p class=\"p1\">Descargar invitaci\u00f3n en <a href=\"https:\/\/ramse.es\/wordpress\/wp-content\/uploads\/2023\/09\/MR.-Entorno-social-y-nutricion-Pediatria-3-10-23.pdf\" target=\"_blank\" rel=\"noopener\">este enlace<\/a>.<\/p>\n<p>&nbsp;<\/p>\n<p>&nbsp;<\/p>\n<p>&nbsp;<\/p>\n<p>&nbsp;<\/p>\n","protected":false},"excerpt":{"rendered":"<p>La mesa redonda se celebrar\u00e1 el jueves 29 de junio de 2023, a las ocho de la tarde, en el Sal\u00f3n de Actos \u201cRam\u00f3n y Cajal\u201d de la sede de la RAMSE C\/ Abades, 10. Mesa Redonda: Entorno social y nutrici\u00f3n en Pediatr\u00eda El acto est\u00e1 organizado por el Ilustre Colegio de M\u00e9dicos de Sevilla y la Real Academia de Medicina y Cirug\u00eda de Sevilla. Moderador del Acto: Ilmo. Sr. Dr. D. Federico Argu\u0308elles Mart\u00edn. Secretario General de RAMSE. Profesor titular de Pediatr\u00eda de la Universidad de Sevilla. Intervienen: Dr. D. Andr\u00e9s Rodr\u00edguez-Sacrist\u00e1n Cascajo. Profesor de Pediatr\u00eda, Facultad de Medicina. Universidad [&hellip;]<\/p>\n","protected":false},"author":4,"featured_media":4524,"comment_status":"open","ping_status":"closed","template":"","tags":[190,200,92],"mec_category":[73],"class_list":["post-4521","mec-events","type-mec-events","status-publish","has-post-thumbnail","hentry","tag-mesa-redonda","tag-nutricion","tag-pediatria","mec_category-mesa-redonda"],"_links":{"self":[{"href":"https:\/\/ramse.es\/wordpress\/wp-json\/wp\/v2\/mec-events\/4521","targetHints":{"allow":["GET"]}}],"collection":[{"href":"https:\/\/ramse.es\/wordpress\/wp-json\/wp\/v2\/mec-events"}],"about":[{"href":"https:\/\/ramse.es\/wordpress\/wp-json\/wp\/v2\/types\/mec-events"}],"author":[{"embeddable":true,"href":"https:\/\/ramse.es\/wordpress\/wp-json\/wp\/v2\/users\/4"}],"replies":[{"embeddable":true,"href":"https:\/\/ramse.es\/wordpress\/wp-json\/wp\/v2\/comments?post=4521"}],"wp:featuredmedia":[{"embeddable":true,"href":"https:\/\/ramse.es\/wordpress\/wp-json\/wp\/v2\/media\/4524"}],"wp:attachment":[{"href":"https:\/\/ramse.es\/wordpress\/wp-json\/wp\/v2\/media?parent=4521"}],"wp:term":[{"taxonomy":"post_tag","embeddable":true,"href":"https:\/\/ramse.es\/wordpress\/wp-json\/wp\/v2\/tags?post=4521"},{"taxonomy":"mec_category","embeddable":true,"href":"https:\/\/ramse.es\/wordpress\/wp-json\/wp\/v2\/mec_category?post=4521"}],"curies":[{"name":"wp","href":"https:\/\/api.w.org\/{rel}","templated":true}]}}

Mesa Redonda: Entorno social y nutrición en Pediatría

<p class="p1">La mesa redonda se celebrará el jueves 29 de junio de 2023, a las ocho de la tarde, en el Salón de Actos “Ramón y Cajal” de la sede de la RAMSE C/ Abades, 10.</p>
<p class="p1"><strong>Mesa Redonda: Entorno social y nutrición en Pediatría</strong></p>
<p class="p1">El acto está organizado por el Ilustre Colegio de Médicos de Sevilla y la Real Academia de Medicina y Cirugía de Sevilla.</p>
<p class="p1">Moderador del Acto:</p>
<p class="p2">Ilmo. Sr. Dr. D. Federico Argüelles Martín. Secretario General de RAMSE. Profesor titular de Pediatría de la Universidad de Sevilla.</p>
<p class="p1">Intervienen:</p>
<p class="p2">Dr. D. Andrés Rodríguez-Sacristán Cascajo. Profesor de Pediatría, Facultad de Medicina. Universidad de Sevilla. Neuropediatra. Vicepresidente 1º RICOMS.</p>
<p class="p1">Tema: “Desarrollo neurobiológico, nutrición infantil y Atención Temprana en el contexto de eventos adversos en la infancia”</p>
<p class="p2">Dr. D. Manuel Sobrino Toro. Profesor de Pediatría, director del Dpto. de Farmacología, Pediatría y Radiología. Facultad de Medicina. Universidad de Sevilla.</p>
<p class="p1">Tema: “Alimentación en los primeros años de la vida en entornos de pobreza: riesgos y acciones preventivas”</p>
<p class="p2">Dr. D. Antonio Millán Jiménez. Profesor de Pediatría, Facultad de Medicina. Universidad de Sevilla. Presidente de la Fundación Gota de Leche.</p>
<p class="p1">Tema: “Nutrición en la adolescencia: nuevos retos en nuestro contexto social”</p>
<p class="p3">Debate y cierre de la mesa redonda.</p>
<p class="p1">El Excmo. Sr. D. Carlos Infantes Alcón, presidente de la Real Academia de Medicina y Cirugía de Sevilla, clausurará el acto.</p>
<p class="p1">Descargar invitación en <a href="https://ramse.es/wordpress/wp-content/uploads/2023/09/MR.-Entorno-social-y-nutricion-Pediatria-3-10-23.pdf" target="_blank" rel="noopener">este enlace</a>.</p>
<p>&nbsp;</p>
<p>&nbsp;</p>
<p>&nbsp;</p>
<p>&nbsp;</p>

<p>La mesa redonda se celebrará el jueves 29 de junio de 2023, a las ocho de la tarde, en el Salón de Actos “Ramón y Cajal” de la sede de la RAMSE C/ Abades, 10. Mesa Redonda: Entorno social y nutrición en Pediatría El acto está organizado por el Ilustre Colegio de Médicos de Sevilla y la Real Academia de Medicina y Cirugía de Sevilla. Moderador del Acto: Ilmo. Sr. Dr. D. Federico Argüelles Martín. Secretario General de RAMSE. Profesor titular de Pediatría de la Universidad de Sevilla. Intervienen: Dr. D. Andrés Rodríguez-Sacristán Cascajo. Profesor de Pediatría, Facultad de Medicina. Universidad [&hellip;]</p>
