{"id":4409,"date":"2023-05-22T16:52:03","date_gmt":"2023-05-22T14:52:03","guid":{"rendered":"https:\/\/ramse.es\/wordpress\/?post_type=mec-events&#038;p=4409"},"modified":"2023-05-22T16:52:03","modified_gmt":"2023-05-22T14:52:03","slug":"dia-de-la-academia-2023","status":"publish","type":"mec-events","link":"https:\/\/ramse.es\/wordpress\/eventos\/dia-de-la-academia-2023\/","title":{"rendered":"D\u00eda de la Academia 2023"},"content":{"rendered":"<p class=\"p1\">La Real Academia de Medicina y Cirug\u00eda de Sevilla tiene el honor de invitar a Vd. a la Sesi\u00f3n P\u00fablica y Extraordinaria del D\u00eda de la Academia, Conmemorativa del 323 aniversario de la Regia Sociedad, que se celebrar\u00e1 el jueves 25 de mayo de 2023, y que tendr\u00e1 lugar en la sede de Calle Abades, 10, a las ocho de la tarde, con arreglo a la siguiente programaci\u00f3n:<\/p>\n<p class=\"p1\">I. Presentaci\u00f3n del conferenciante a cargo del Ilmo. Sr. D. Jorge Dom\u00ednguez-Rodi\u00f1o S\u00e1nchez-Laulh\u00e9, Acad\u00e9mico de N\u00famero de la RAMSE.<\/p>\n<p class=\"p1\">II. Conferencia \u201cLa experiencia del retrato en la actualidad\u201d, impartida por el Excmo. Sr. D. Hern\u00e1n Cort\u00e9s Moreno, Acad\u00e9mico de N\u00famero de la Real Academia de Bellas Artes de San Fernando.<\/p>\n<p class=\"p1\">III. Entrega de estatuilla de Acad\u00e9mico de N\u00famero Em\u00e9rito de la RAMSE al Excmo. Sr. D. Ignacio G\u00f3mez de Terreros S\u00e1nchez y al Ilmo. Sr. D. Joaqu\u00edn N\u00fa\u00f1ez Fuster.<\/p>\n<p class=\"p1\">IV. Clausurar\u00e1 el acto el Excmo. Sr. Presidente D. Carlos A. Infantes Alc\u00f3n.<\/p>\n<p class=\"p1\">Descargar invitaci\u00f3n en este enlace.<\/p>\n<p>&nbsp;<\/p>\n<p>&nbsp;<\/p>\n<p>&nbsp;<\/p>\n","protected":false},"excerpt":{"rendered":"<p>La Real Academia de Medicina y Cirug\u00eda de Sevilla tiene el honor de invitar a Vd. a la Sesi\u00f3n P\u00fablica y Extraordinaria del D\u00eda de la Academia, Conmemorativa del 323 aniversario de la Regia Sociedad, que se celebrar\u00e1 el jueves 25 de mayo de 2023, y que tendr\u00e1 lugar en la sede de Calle Abades, 10, a las ocho de la tarde, con arreglo a la siguiente programaci\u00f3n: I. Presentaci\u00f3n del conferenciante a cargo del Ilmo. Sr. D. Jorge Dom\u00ednguez-Rodi\u00f1o S\u00e1nchez-Laulh\u00e9, Acad\u00e9mico de N\u00famero de la RAMSE. II. Conferencia \u201cLa experiencia del retrato en la actualidad\u201d, impartida por el Excmo. Sr. [&hellip;]<\/p>\n","protected":false},"author":4,"featured_media":4405,"comment_status":"open","ping_status":"closed","template":"","tags":[183,160],"mec_category":[66],"class_list":["post-4409","mec-events","type-mec-events","status-publish","has-post-thumbnail","hentry","tag-nao-victoria","tag-vuelta-al-mundo","mec_category-acto-academico"],"_links":{"self":[{"href":"https:\/\/ramse.es\/wordpress\/wp-json\/wp\/v2\/mec-events\/4409","targetHints":{"allow":["GET"]}}],"collection":[{"href":"https:\/\/ramse.es\/wordpress\/wp-json\/wp\/v2\/mec-events"}],"about":[{"href":"https:\/\/ramse.es\/wordpress\/wp-json\/wp\/v2\/types\/mec-events"}],"author":[{"embeddable":true,"href":"https:\/\/ramse.es\/wordpress\/wp-json\/wp\/v2\/users\/4"}],"replies":[{"embeddable":true,"href":"https:\/\/ramse.es\/wordpress\/wp-json\/wp\/v2\/comments?post=4409"}],"wp:featuredmedia":[{"embeddable":true,"href":"https:\/\/ramse.es\/wordpress\/wp-json\/wp\/v2\/media\/4405"}],"wp:attachment":[{"href":"https:\/\/ramse.es\/wordpress\/wp-json\/wp\/v2\/media?parent=4409"}],"wp:term":[{"taxonomy":"post_tag","embeddable":true,"href":"https:\/\/ramse.es\/wordpress\/wp-json\/wp\/v2\/tags?post=4409"},{"taxonomy":"mec_category","embeddable":true,"href":"https:\/\/ramse.es\/wordpress\/wp-json\/wp\/v2\/mec_category?post=4409"}],"curies":[{"name":"wp","href":"https:\/\/api.w.org\/{rel}","templated":true}]}}

Día de la Academia 2023

<p class="p1">La Real Academia de Medicina y Cirugía de Sevilla tiene el honor de invitar a Vd. a la Sesión Pública y Extraordinaria del Día de la Academia, Conmemorativa del 323 aniversario de la Regia Sociedad, que se celebrará el jueves 25 de mayo de 2023, y que tendrá lugar en la sede de Calle Abades, 10, a las ocho de la tarde, con arreglo a la siguiente programación:</p>
<p class="p1">I. Presentación del conferenciante a cargo del Ilmo. Sr. D. Jorge Domínguez-Rodiño Sánchez-Laulhé, Académico de Número de la RAMSE.</p>
<p class="p1">II. Conferencia “La experiencia del retrato en la actualidad”, impartida por el Excmo. Sr. D. Hernán Cortés Moreno, Académico de Número de la Real Academia de Bellas Artes de San Fernando.</p>
<p class="p1">III. Entrega de estatuilla de Académico de Número Emérito de la RAMSE al Excmo. Sr. D. Ignacio Gómez de Terreros Sánchez y al Ilmo. Sr. D. Joaquín Núñez Fuster.</p>
<p class="p1">IV. Clausurará el acto el Excmo. Sr. Presidente D. Carlos A. Infantes Alcón.</p>
<p class="p1">Descargar invitación en este enlace.</p>
<p>&nbsp;</p>
<p>&nbsp;</p>
<p>&nbsp;</p>

<p>La Real Academia de Medicina y Cirugía de Sevilla tiene el honor de invitar a Vd. a la Sesión Pública y Extraordinaria del Día de la Academia, Conmemorativa del 323 aniversario de la Regia Sociedad, que se celebrará el jueves 25 de mayo de 2023, y que tendrá lugar en la sede de Calle Abades, 10, a las ocho de la tarde, con arreglo a la siguiente programación: I. Presentación del conferenciante a cargo del Ilmo. Sr. D. Jorge Domínguez-Rodiño Sánchez-Laulhé, Académico de Número de la RAMSE. II. Conferencia “La experiencia del retrato en la actualidad”, impartida por el Excmo. Sr. [&hellip;]</p>
