{"id":3147,"date":"2020-11-16T22:31:56","date_gmt":"2020-11-16T20:31:56","guid":{"rendered":"https:\/\/ramse.es\/wordpress\/?post_type=mec-events&#038;p=3147"},"modified":"2020-11-25T23:10:55","modified_gmt":"2020-11-25T21:10:55","slug":"sesion-necrologica-hugo-galera","status":"publish","type":"mec-events","link":"https:\/\/ramse.es\/wordpress\/eventos\/sesion-necrologica-hugo-galera\/","title":{"rendered":"Sesi\u00f3n Necrol\u00f3gica D. Hugo Galera"},"content":{"rendered":"<p>Sesi\u00f3n Necrol\u00f3gica en recuerdo de nuestro\u00a0<b>Acad\u00e9mico Honorario Excmo. Dr. D. Hugo Galera Davidson,<\/b> que se celebrar\u00e1 el jueves 26 de octubre, a las 19:00 horas, en el Sal\u00f3n de Actos \u201cRam\u00f3n y Cajal\u201d de nuestra sede, C\/ Abades 10-12, con arreglo a la siguiente programaci\u00f3n:<\/p>\n<p class=\"p1\"><span class=\"s1\">I.<span class=\"Apple-converted-space\">\u00a0 S<\/span><\/span>esi\u00f3n in Memorian en la que participar\u00e1n:<\/p>\n<p class=\"p1\"><span class=\"s1\"><b>\u00a0 \u00a0 \u00a0Ilmo. Dr. D. Jos\u00e9 Luis Serrera Contreras<\/b> (Perfil acad\u00e9mico)<\/span><\/p>\n<p class=\"p1\"><span class=\"s1\"><b>\u00a0 \u00a0 \u00a0D. Obdulio Rodr\u00edguez-Armijo S\u00e1nchez<\/b> (Perfil personal)<\/span><\/p>\n<p class=\"p1\"><span class=\"s1\"><b>\u00a0 \u00a0 \u00a0D. Diego Galera Ruiz<\/b> (Perfil humano y familiar).<\/span><\/p>\n<p class=\"p1\"><span class=\"s1\">II.<span class=\"Apple-converted-space\">\u00a0 <\/span>Clausura del Acto por el <b>Excmo. Sr. Presidente<\/b> <b>Dr. D. Jes\u00fas Casti\u00f1eiras Fern\u00e1ndez. <\/b><\/span><\/p>\n<p>Nota: Este evento cuenta con <a href=\"https:\/\/ramse.es\/wordpress\/limitacion-de-aforo-en-los-actos-organizados-por-la-real-academia-de-medicina-y-cirugia-de-sevilla-ramse\/\">limitaci\u00f3n de aforo<\/a> y solo se podr\u00e1 asistir con invitaciones nominativas.<\/p>\n<p><a href=\"https:\/\/ramse.es\/wordpress\/wp-content\/uploads\/2020\/11\/Necrologica-D.-Hugo-Galera_ok.pdf\">Descargar invitaci\u00f3n<\/a><\/p>\n","protected":false},"excerpt":{"rendered":"<p>Sesi\u00f3n Necrol\u00f3gica en recuerdo de nuestro\u00a0Acad\u00e9mico Honorario Excmo. Dr. D. Hugo Galera Davidson, que se celebrar\u00e1 el jueves 26 de octubre, a las 19:00 horas, en el Sal\u00f3n de Actos \u201cRam\u00f3n y Cajal\u201d de nuestra sede, C\/ Abades 10-12, con arreglo a la siguiente programaci\u00f3n: I.\u00a0 Sesi\u00f3n in Memorian en la que participar\u00e1n: \u00a0 \u00a0 \u00a0Ilmo. Dr. D. Jos\u00e9 Luis Serrera Contreras (Perfil acad\u00e9mico) \u00a0 \u00a0 \u00a0D. Obdulio Rodr\u00edguez-Armijo S\u00e1nchez (Perfil personal) \u00a0 \u00a0 \u00a0D. Diego Galera Ruiz (Perfil humano y familiar). II.\u00a0 Clausura del Acto por el Excmo. Sr. Presidente Dr. D. Jes\u00fas Casti\u00f1eiras Fern\u00e1ndez. Nota: Este evento cuenta con [&hellip;]<\/p>\n","protected":false},"author":4,"featured_media":3169,"comment_status":"open","ping_status":"closed","template":"","tags":[49,44],"mec_category":[45],"class_list":["post-3147","mec-events","type-mec-events","status-publish","has-post-thumbnail","hentry","tag-dr-hugo-galera","tag-necrologica","mec_category-necrologica"],"_links":{"self":[{"href":"https:\/\/ramse.es\/wordpress\/wp-json\/wp\/v2\/mec-events\/3147","targetHints":{"allow":["GET"]}}],"collection":[{"href":"https:\/\/ramse.es\/wordpress\/wp-json\/wp\/v2\/mec-events"}],"about":[{"href":"https:\/\/ramse.es\/wordpress\/wp-json\/wp\/v2\/types\/mec-events"}],"author":[{"embeddable":true,"href":"https:\/\/ramse.es\/wordpress\/wp-json\/wp\/v2\/users\/4"}],"replies":[{"embeddable":true,"href":"https:\/\/ramse.es\/wordpress\/wp-json\/wp\/v2\/comments?post=3147"}],"wp:featuredmedia":[{"embeddable":true,"href":"https:\/\/ramse.es\/wordpress\/wp-json\/wp\/v2\/media\/3169"}],"wp:attachment":[{"href":"https:\/\/ramse.es\/wordpress\/wp-json\/wp\/v2\/media?parent=3147"}],"wp:term":[{"taxonomy":"post_tag","embeddable":true,"href":"https:\/\/ramse.es\/wordpress\/wp-json\/wp\/v2\/tags?post=3147"},{"taxonomy":"mec_category","embeddable":true,"href":"https:\/\/ramse.es\/wordpress\/wp-json\/wp\/v2\/mec_category?post=3147"}],"curies":[{"name":"wp","href":"https:\/\/api.w.org\/{rel}","templated":true}]}}

Sesión Necrológica D. Hugo Galera

<p>Sesión Necrológica en recuerdo de nuestro <b>Académico Honorario Excmo. Dr. D. Hugo Galera Davidson,</b> que se celebrará el jueves 26 de octubre, a las 19:00 horas, en el Salón de Actos “Ramón y Cajal” de nuestra sede, C/ Abades 10-12, con arreglo a la siguiente programación:</p>
<p class="p1"><span class="s1">I.<span class="Apple-converted-space">  S</span></span>esión in Memorian en la que participarán:</p>
<p class="p1"><span class="s1"><b>     Ilmo. Dr. D. José Luis Serrera Contreras</b> (Perfil académico)</span></p>
<p class="p1"><span class="s1"><b>     D. Obdulio Rodríguez-Armijo Sánchez</b> (Perfil personal)</span></p>
<p class="p1"><span class="s1"><b>     D. Diego Galera Ruiz</b> (Perfil humano y familiar).</span></p>
<p class="p1"><span class="s1">II.<span class="Apple-converted-space">  </span>Clausura del Acto por el <b>Excmo. Sr. Presidente</b> <b>Dr. D. Jesús Castiñeiras Fernández. </b></span></p>
<p>Nota: Este evento cuenta con <a href="https://ramse.es/wordpress/limitacion-de-aforo-en-los-actos-organizados-por-la-real-academia-de-medicina-y-cirugia-de-sevilla-ramse/">limitación de aforo</a> y solo se podrá asistir con invitaciones nominativas.</p>
<p><a href="https://ramse.es/wordpress/wp-content/uploads/2020/11/Necrologica-D.-Hugo-Galera_ok.pdf">Descargar invitación</a></p>

<p>Sesión Necrológica en recuerdo de nuestro Académico Honorario Excmo. Dr. D. Hugo Galera Davidson, que se celebrará el jueves 26 de octubre, a las 19:00 horas, en el Salón de Actos “Ramón y Cajal” de nuestra sede, C/ Abades 10-12, con arreglo a la siguiente programación: I.  Sesión in Memorian en la que participarán:      Ilmo. Dr. D. José Luis Serrera Contreras (Perfil académico)      D. Obdulio Rodríguez-Armijo Sánchez (Perfil personal)      D. Diego Galera Ruiz (Perfil humano y familiar). II.  Clausura del Acto por el Excmo. Sr. Presidente Dr. D. Jesús Castiñeiras Fernández. Nota: Este evento cuenta con [&hellip;]</p>
